Last updated on 2025-05-10 16:52:39 CEST.
Flavor | Version | Tinstall | Tcheck | Ttotal | Status | Flags |
---|---|---|---|---|---|---|
r-devel-linux-x86_64-debian-clang | 0.17.1 | 10.26 | 152.63 | 162.89 | NOTE | |
r-devel-linux-x86_64-debian-gcc | 0.17.1 | 7.39 | 100.63 | 108.02 | NOTE | |
r-devel-linux-x86_64-fedora-clang | 0.17.1 | 252.56 | NOTE | |||
r-devel-linux-x86_64-fedora-gcc | 0.17.1 | 261.26 | NOTE | |||
r-devel-windows-x86_64 | 0.17.1 | 14.00 | 164.00 | 178.00 | NOTE | |
r-patched-linux-x86_64 | 0.17.1 | 14.22 | 144.12 | 158.34 | NOTE | |
r-release-linux-x86_64 | 0.17.1 | 11.01 | 144.78 | 155.79 | NOTE | |
r-release-macos-arm64 | 0.17.1 | 77.00 | NOTE | |||
r-release-macos-x86_64 | 0.17.1 | 152.00 | NOTE | |||
r-release-windows-x86_64 | 0.17.1 | 13.00 | 156.00 | 169.00 | NOTE | |
r-oldrel-macos-arm64 | 0.17.1 | 72.00 | OK | |||
r-oldrel-macos-x86_64 | 0.17.1 | 125.00 | OK | |||
r-oldrel-windows-x86_64 | 0.17.1 | 17.00 | 193.00 | 210.00 | OK |
Version: 0.17.1
Check: DESCRIPTION meta-information
Result: NOTE
Missing dependency on R >= 4.1.0 because package code uses the pipe
|> or function shorthand \(...) syntax added in R 4.1.0.
File(s) using such syntax:
‘plotdensity.R’
Flavors: r-devel-linux-x86_64-debian-clang, r-devel-linux-x86_64-debian-gcc, r-devel-linux-x86_64-fedora-clang, r-devel-linux-x86_64-fedora-gcc, r-devel-windows-x86_64, r-patched-linux-x86_64, r-release-linux-x86_64, r-release-macos-arm64, r-release-macos-x86_64, r-release-windows-x86_64