Last updated on 2025-07-16 09:51:28 CEST.
Flavor | Version | Tinstall | Tcheck | Ttotal | Status | Flags |
---|---|---|---|---|---|---|
r-devel-linux-x86_64-debian-clang | 0.0.1 | 20.05 | 34.83 | 54.88 | NOTE | |
r-devel-linux-x86_64-debian-gcc | 0.0.1 | 15.22 | 28.07 | 43.29 | NOTE | |
r-devel-linux-x86_64-fedora-clang | 0.0.1 | 95.42 | OK | |||
r-devel-linux-x86_64-fedora-gcc | 0.0.1 | 92.14 | OK | |||
r-devel-windows-x86_64 | 0.0.1 | 28.00 | 70.00 | 98.00 | OK | |
r-patched-linux-x86_64 | 0.0.1 | 21.82 | 34.05 | 55.87 | OK | |
r-release-linux-x86_64 | 0.0.1 | 21.69 | 33.56 | 55.25 | OK | |
r-release-macos-arm64 | 0.0.1 | 29.00 | OK | |||
r-release-macos-x86_64 | 0.0.1 | 48.00 | OK | |||
r-release-windows-x86_64 | 0.0.1 | 26.00 | 76.00 | 102.00 | OK | |
r-oldrel-macos-arm64 | 0.0.1 | 30.00 | OK | |||
r-oldrel-macos-x86_64 | 0.0.1 | 44.00 | OK | |||
r-oldrel-windows-x86_64 | 0.0.1 | 31.00 | 83.00 | 114.00 | OK |
Version: 0.0.1
Check: CRAN incoming feasibility
Result: NOTE
Maintainer: ‘Xinyuan Fan <fxy22@mails.tsinghua.edu.cn>’
The Description field contains
and Wu (2024) <arXiv:2403.00600>.
Please refer to arXiv e-prints via their arXiv DOI <doi:10.48550/arXiv.YYMM.NNNNN>.
Flavors: r-devel-linux-x86_64-debian-clang, r-devel-linux-x86_64-debian-gcc