Last updated on 2025-05-10 16:52:39 CEST.
Flavor | Version | Tinstall | Tcheck | Ttotal | Status | Flags |
---|---|---|---|---|---|---|
r-devel-linux-x86_64-debian-clang | 1.2.0 | 1.47 | 24.92 | 26.39 | OK | |
r-devel-linux-x86_64-debian-gcc | 1.2.0 | 1.40 | 20.68 | 22.08 | OK | |
r-devel-linux-x86_64-fedora-clang | 1.2.0 | 41.08 | OK | |||
r-devel-linux-x86_64-fedora-gcc | 1.2.0 | 52.48 | OK | |||
r-devel-windows-x86_64 | 1.2.0 | 3.00 | 52.00 | 55.00 | OK | |
r-patched-linux-x86_64 | 1.2.0 | 1.90 | 23.82 | 25.72 | OK | |
r-release-linux-x86_64 | 1.2.0 | 1.78 | 23.60 | 25.38 | OK | |
r-release-macos-arm64 | 1.2.0 | 45.00 | OK | |||
r-release-macos-x86_64 | 1.2.0 | 59.00 | OK | |||
r-release-windows-x86_64 | 1.2.0 | 4.00 | 66.00 | 70.00 | ERROR | |
r-oldrel-macos-arm64 | 1.2.0 | 37.00 | OK | |||
r-oldrel-macos-x86_64 | 1.2.0 | 48.00 | OK | |||
r-oldrel-windows-x86_64 | 1.2.0 | 4.00 | 57.00 | 61.00 | OK |
Version: 1.2.0
Check: re-building of vignette outputs
Result: ERROR
Error(s) in re-building vignettes:
--- re-building 'intro-to-rhymer.Rmd' using rmarkdown
Quitting from intro-to-rhymer.Rmd:36-38 [unnamed-chunk-2]
~~~~~~~~~~~~~~~~~~~~~~~~~~~~~~~~~~~~~~~~~~~~~~~~~~~~~~~~~~~~~~~~~~~~~~~~~~~~~~~~
<error/rlang_error>
Error in `curl::curl_fetch_memory()`:
! Timeout was reached [api.datamuse.com]: Failed to connect to api.datamuse.com port 443 after 10017 ms: Timeout was reached
---
Backtrace:
▆
1. ├─rhymer::get_rhyme("test")
2. │ └─rhymer::get_content(...)
3. │ └─rhymer::datamuse_api(full_path, limit)
4. │ └─httr::GET(url, ua)
5. │ └─httr:::request_perform(req, hu$handle$handle)
6. │ ├─httr:::request_fetch(req$output, req$url, handle)
7. │ └─httr:::request_fetch.write_memory(req$output, req$url, handle)
8. │ └─curl::curl_fetch_memory(url, handle = handle)
9. └─curl:::raise_libcurl_error(...)
~~~~~~~~~~~~~~~~~~~~~~~~~~~~~~~~~~~~~~~~~~~~~~~~~~~~~~~~~~~~~~~~~~~~~~~~~~~~~~~~
Error: processing vignette 'intro-to-rhymer.Rmd' failed with diagnostics:
Timeout was reached [api.datamuse.com]: Failed to connect to api.datamuse.com port 443 after 10017 ms: Timeout was reached
--- failed re-building 'intro-to-rhymer.Rmd'
SUMMARY: processing the following file failed:
'intro-to-rhymer.Rmd'
Error: Vignette re-building failed.
Execution halted
Flavor: r-release-windows-x86_64