Last updated on 2025-05-10 16:52:39 CEST.
Flavor | Version | Tinstall | Tcheck | Ttotal | Status | Flags |
---|---|---|---|---|---|---|
r-devel-linux-x86_64-debian-clang | 0.0.1 | 1.47 | 20.04 | 21.51 | OK | |
r-devel-linux-x86_64-debian-gcc | 0.0.1 | 1.25 | 16.85 | 18.10 | OK | |
r-devel-linux-x86_64-fedora-clang | 0.0.1 | 33.43 | OK | |||
r-devel-linux-x86_64-fedora-gcc | 0.0.1 | 44.77 | OK | |||
r-devel-windows-x86_64 | 0.0.1 | 2.00 | 40.00 | 42.00 | OK | |
r-patched-linux-x86_64 | 0.0.1 | 1.50 | 18.41 | 19.91 | OK | |
r-release-linux-x86_64 | 0.0.1 | 1.39 | 18.31 | 19.70 | OK | |
r-release-macos-arm64 | 0.0.1 | 22.00 | OK | |||
r-release-macos-x86_64 | 0.0.1 | 37.00 | OK | |||
r-release-windows-x86_64 | 0.0.1 | 3.00 | 40.00 | 43.00 | OK | |
r-oldrel-macos-arm64 | 0.0.1 | 21.00 | NOTE | |||
r-oldrel-macos-x86_64 | 0.0.1 | 31.00 | NOTE | |||
r-oldrel-windows-x86_64 | 0.0.1 | 3.00 | 44.00 | 47.00 | NOTE |
Version: 0.0.1
Check: LazyData
Result: NOTE
'LazyData' is specified without a 'data' directory
Flavors: r-oldrel-macos-arm64, r-oldrel-macos-x86_64, r-oldrel-windows-x86_64