Last updated on 2025-07-24 13:49:23 CEST.
Flavor | Version | Tinstall | Tcheck | Ttotal | Status | Flags |
---|---|---|---|---|---|---|
r-devel-linux-x86_64-debian-clang | 1.5.5 | 42.89 | 396.08 | 438.97 | OK | |
r-devel-linux-x86_64-debian-gcc | 1.5.5 | 29.42 | 221.95 | 251.37 | OK | |
r-devel-linux-x86_64-fedora-clang | 1.5.5 | 713.20 | OK | |||
r-devel-linux-x86_64-fedora-gcc | 1.5.5 | 696.84 | OK | |||
r-devel-windows-x86_64 | 1.5.5 | 47.00 | 375.00 | 422.00 | OK | |
r-patched-linux-x86_64 | 1.5.5 | 40.03 | 370.03 | 410.06 | OK | |
r-release-linux-x86_64 | 1.5.5 | 41.94 | 374.08 | 416.02 | OK | |
r-release-macos-arm64 | 1.5.5 | 140.00 | OK | |||
r-release-macos-x86_64 | 1.5.5 | 350.00 | OK | |||
r-release-windows-x86_64 | 1.5.5 | 45.00 | 375.00 | 420.00 | OK | |
r-oldrel-macos-arm64 | 1.5.5 | 160.00 | NOTE | |||
r-oldrel-macos-x86_64 | 1.5.5 | 533.00 | NOTE | |||
r-oldrel-windows-x86_64 | 1.5.5 | 58.00 | 499.00 | 557.00 | OK |
Version: 1.5.5
Check: installed package size
Result: NOTE
installed size is 5.9Mb
sub-directories of 1Mb or more:
libs 4.7Mb
Flavors: r-oldrel-macos-arm64, r-oldrel-macos-x86_64