Last updated on 2024-05-19 12:53:57 CEST.
Flavor | Version | Tinstall | Tcheck | Ttotal | Status | Flags |
---|---|---|---|---|---|---|
r-devel-linux-x86_64-debian-clang | 0.1.0 | 5.58 | 55.91 | 61.49 | OK | |
r-devel-linux-x86_64-debian-gcc | 0.1.0 | 3.85 | 41.32 | 45.17 | OK | |
r-devel-linux-x86_64-fedora-clang | 0.1.0 | 75.89 | NOTE | |||
r-devel-linux-x86_64-fedora-gcc | 0.1.0 | 107.14 | NOTE | |||
r-devel-windows-x86_64 | 0.1.0 | 7.00 | 70.00 | 77.00 | OK | |
r-patched-linux-x86_64 | 0.1.0 | 4.05 | 52.41 | 56.46 | OK | |
r-release-linux-x86_64 | 0.1.0 | 3.29 | 51.59 | 54.88 | OK | |
r-release-macos-arm64 | 0.1.0 | 31.00 | OK | |||
r-release-windows-x86_64 | 0.1.0 | 8.00 | 71.00 | 79.00 | OK | |
r-oldrel-macos-arm64 | 0.1.0 | 31.00 | OK | |||
r-oldrel-macos-x86_64 | 0.1.0 | 61.00 | OK | |||
r-oldrel-windows-x86_64 | 0.1.0 | 8.00 | 76.00 | 84.00 | OK |
Version: 0.1.0
Check: data for non-ASCII characters
Result: NOTE
Note: found 1172 marked UTF-8 strings
Flavors: r-devel-linux-x86_64-fedora-clang, r-devel-linux-x86_64-fedora-gcc