Last updated on 2025-07-16 05:49:33 CEST.
Flavor | Version | Tinstall | Tcheck | Ttotal | Status | Flags |
---|---|---|---|---|---|---|
r-devel-linux-x86_64-debian-clang | 1.1.5 | 5.92 | 61.69 | 67.61 | NOTE | |
r-devel-linux-x86_64-debian-gcc | 1.1.5 | 3.75 | 41.68 | 45.43 | NOTE | |
r-devel-linux-x86_64-fedora-clang | 1.1.5 | 112.64 | OK | |||
r-devel-linux-x86_64-fedora-gcc | 1.1.5 | 107.02 | OK | |||
r-devel-windows-x86_64 | 1.1.5 | 6.00 | 83.00 | 89.00 | OK | |
r-patched-linux-x86_64 | 1.1.5 | 5.35 | 58.77 | 64.12 | OK | |
r-release-linux-x86_64 | 1.1.5 | 5.78 | 56.93 | 62.71 | OK | |
r-release-macos-arm64 | 1.1.5 | 28.00 | OK | |||
r-release-macos-x86_64 | 1.1.5 | 57.00 | OK | |||
r-release-windows-x86_64 | 1.1.5 | 6.00 | 86.00 | 92.00 | OK | |
r-oldrel-macos-arm64 | 1.1.5 | 27.00 | OK | |||
r-oldrel-macos-x86_64 | 1.1.5 | 47.00 | OK | |||
r-oldrel-windows-x86_64 | 1.1.5 | 6.00 | 98.00 | 104.00 | OK |
Version: 1.1.5
Check: CRAN incoming feasibility
Result: NOTE
Maintainer: ‘Sean Turner <swd.turner@gmail.com>’
Package CITATION file contains call(s) to old-style citEntry(). Please
use bibentry() instead.
Flavors: r-devel-linux-x86_64-debian-clang, r-devel-linux-x86_64-debian-gcc