CRAN Package Check Results for Package repmis

Last updated on 2025-05-10 16:52:39 CEST.

Flavor Version Tinstall Tcheck Ttotal Status Flags
r-devel-linux-x86_64-debian-clang 0.5 2.76 30.05 32.81 NOTE
r-devel-linux-x86_64-debian-gcc 0.5 2.17 22.75 24.92 NOTE
r-devel-linux-x86_64-fedora-clang 0.5 51.28 NOTE
r-devel-linux-x86_64-fedora-gcc 0.5 62.15 NOTE
r-devel-windows-x86_64 0.5 5.00 50.00 55.00 NOTE
r-patched-linux-x86_64 0.5 3.29 28.60 31.89 NOTE
r-release-linux-x86_64 0.5 3.00 28.48 31.48 NOTE
r-release-macos-arm64 0.5 34.00 OK
r-release-macos-x86_64 0.5 69.00 OK
r-release-windows-x86_64 0.5 5.00 51.00 56.00 NOTE
r-oldrel-macos-arm64 0.5 29.00 OK
r-oldrel-macos-x86_64 0.5 50.00 OK
r-oldrel-windows-x86_64 0.5 6.00 54.00 60.00 OK

Check Details

Version: 0.5
Check: Rd cross-references
Result: NOTE Found the following Rd file(s) with Rd \link{} targets missing package anchors: source_XlsxData.Rd: httr source_data.Rd: fread, httr Please provide package anchors for all Rd \link{} targets not in the package itself and the base packages. Flavors: r-devel-linux-x86_64-debian-clang, r-devel-linux-x86_64-debian-gcc, r-devel-windows-x86_64, r-patched-linux-x86_64, r-release-linux-x86_64, r-release-windows-x86_64

Version: 0.5
Check: for non-standard things in the check directory
Result: NOTE Found the following files/directories: ‘PackageCites.bib’ Flavors: r-devel-linux-x86_64-debian-clang, r-devel-linux-x86_64-debian-gcc, r-devel-linux-x86_64-fedora-clang, r-devel-linux-x86_64-fedora-gcc, r-patched-linux-x86_64, r-release-linux-x86_64