CRAN Package Check Results for Package repfdr

Last updated on 2025-07-18 01:49:25 CEST.

Flavor Version Tinstall Tcheck Ttotal Status Flags
r-devel-linux-x86_64-debian-clang 1.2.3 14.36 40.05 54.41 NOTE
r-devel-linux-x86_64-debian-gcc 1.2.3 11.07 31.04 42.11 NOTE
r-devel-linux-x86_64-fedora-clang 1.2.3 87.93 NOTE
r-devel-linux-x86_64-fedora-gcc 1.2.3 97.00 NOTE
r-devel-windows-x86_64 1.2.3 19.00 79.00 98.00 NOTE
r-patched-linux-x86_64 1.2.3 14.92 36.72 51.64 NOTE
r-release-linux-x86_64 1.2.3 14.99 36.73 51.72 NOTE
r-release-macos-arm64 1.2.3 31.00 NOTE
r-release-macos-x86_64 1.2.3 76.00 NOTE
r-release-windows-x86_64 1.2.3 18.00 78.00 96.00 NOTE
r-oldrel-macos-arm64 1.2.3 31.00 NOTE
r-oldrel-macos-x86_64 1.2.3 51.00 NOTE
r-oldrel-windows-x86_64 1.2.3 18.00 96.00 114.00 NOTE

Check Details

Version: 1.2.3
Check: Rd files
Result: NOTE checkRd: (-1) twosidedPValuestobins.Rd:84: Lost braces; missing escapes or markup? 84 | A matrix with \code{n.bins + 1} rows and {ncol(zmat)} columns, representing for each study the discretization chosed. Values are the between bin breaks. First and last values are the edges of the outmost bins. | ^ checkRd: (-1) ztobins.Rd:90: Lost braces; missing escapes or markup? 90 | A matrix with \code{n.bins + 1} rows and {ncol(zmat)} columns, representing for each study the discretization chosed. Values are the between bin breaks. First and last values are the edges of the outmost bins. | ^ Flavors: r-devel-linux-x86_64-debian-clang, r-devel-linux-x86_64-debian-gcc, r-devel-linux-x86_64-fedora-clang, r-devel-linux-x86_64-fedora-gcc, r-devel-windows-x86_64, r-patched-linux-x86_64, r-release-linux-x86_64, r-release-macos-arm64, r-release-macos-x86_64, r-release-windows-x86_64, r-oldrel-macos-arm64, r-oldrel-macos-x86_64, r-oldrel-windows-x86_64