Last updated on 2025-05-10 16:52:39 CEST.
Flavor | Version | Tinstall | Tcheck | Ttotal | Status | Flags |
---|---|---|---|---|---|---|
r-devel-linux-x86_64-debian-clang | 1.3-21 | 2.77 | 25.75 | 28.52 | NOTE | |
r-devel-linux-x86_64-debian-gcc | 1.3-21 | 2.14 | 19.84 | 21.98 | NOTE | |
r-devel-linux-x86_64-fedora-clang | 1.3-21 | 42.85 | OK | |||
r-devel-linux-x86_64-fedora-gcc | 1.3-22 | 42.64 | OK | |||
r-devel-windows-x86_64 | 1.3-21 | 4.00 | 46.00 | 50.00 | OK | |
r-patched-linux-x86_64 | 1.3-21 | 2.60 | 23.72 | 26.32 | OK | |
r-release-linux-x86_64 | 1.3-21 | 2.44 | 23.82 | 26.26 | OK | |
r-release-macos-arm64 | 1.3-22 | 38.00 | OK | |||
r-release-macos-x86_64 | 1.3-22 | 50.00 | OK | |||
r-release-windows-x86_64 | 1.3-22 | 4.00 | 45.00 | 49.00 | OK | |
r-oldrel-macos-arm64 | 1.3-22 | 36.00 | OK | |||
r-oldrel-macos-x86_64 | 1.3-22 | 48.00 | OK | |||
r-oldrel-windows-x86_64 | 1.3-21 | 5.00 | 48.00 | 53.00 | OK |
Version: 1.3-21
Check: CRAN incoming feasibility
Result: NOTE
Maintainer: ‘Karl W Broman <broman@wisc.edu>’
Package CITATION file contains call(s) to old-style personList() or
as.personList(). Please use c() on person objects instead.
Package CITATION file contains call(s) to old-style citEntry(). Please
use bibentry() instead.
Flavors: r-devel-linux-x86_64-debian-clang, r-devel-linux-x86_64-debian-gcc