CRAN Package Check Results for Package registry

Last updated on 2025-05-10 16:52:39 CEST.

Flavor Version Tinstall Tcheck Ttotal Status Flags
r-devel-linux-x86_64-debian-clang 0.5-1 1.89 26.25 28.14 NOTE
r-devel-linux-x86_64-debian-gcc 0.5-1 1.43 21.30 22.73 NOTE
r-devel-linux-x86_64-fedora-clang 0.5-1 44.94 OK
r-devel-linux-x86_64-fedora-gcc 0.5-1 57.90 OK
r-devel-windows-x86_64 0.5-1 4.00 64.00 68.00 OK
r-patched-linux-x86_64 0.5-1 1.56 25.51 27.07 OK
r-release-linux-x86_64 0.5-1 1.91 25.46 27.37 OK
r-release-macos-arm64 0.5-1 29.00 OK
r-release-macos-x86_64 0.5-1 48.00 OK
r-release-windows-x86_64 0.5-1 3.00 68.00 71.00 OK
r-oldrel-macos-arm64 0.5-1 29.00 OK
r-oldrel-macos-x86_64 0.5-1 37.00 OK
r-oldrel-windows-x86_64 0.5-1 3.00 62.00 65.00 OK

Check Details

Version: 0.5-1
Check: CRAN incoming feasibility
Result: NOTE Maintainer: ‘David Meyer <David.Meyer@R-project.org>’ No Authors@R field in DESCRIPTION. Please add one, modifying Authors@R: person(given = "David", family = "Meyer", role = c("aut", "cre"), email = "david.meyer@r-project.org") as necessary. Flavors: r-devel-linux-x86_64-debian-clang, r-devel-linux-x86_64-debian-gcc