Last updated on 2025-05-10 12:49:52 CEST.
Flavor | Version | Tinstall | Tcheck | Ttotal | Status | Flags |
---|---|---|---|---|---|---|
r-devel-linux-x86_64-debian-clang | 2.2.0 | 6.44 | 51.67 | 58.11 | NOTE | |
r-devel-linux-x86_64-debian-gcc | 2.2.0 | 4.09 | 38.03 | 42.12 | NOTE | |
r-devel-linux-x86_64-fedora-clang | 2.2.0 | 99.83 | OK | |||
r-devel-linux-x86_64-fedora-gcc | 2.2.0 | 108.67 | OK | |||
r-devel-windows-x86_64 | 2.2.0 | 8.00 | 77.00 | 85.00 | OK | |
r-patched-linux-x86_64 | 2.2.0 | 7.70 | 49.04 | 56.74 | OK | |
r-release-linux-x86_64 | 2.2.0 | 6.42 | 48.87 | 55.29 | OK | |
r-release-macos-arm64 | 2.2.0 | 42.00 | OK | |||
r-release-macos-x86_64 | 2.2.0 | 73.00 | OK | |||
r-release-windows-x86_64 | 2.2.0 | 9.00 | 77.00 | 86.00 | OK | |
r-oldrel-macos-arm64 | 2.2.0 | 36.00 | OK | |||
r-oldrel-macos-x86_64 | 2.2.0 | 53.00 | OK | |||
r-oldrel-windows-x86_64 | 2.2.0 | 11.00 | 89.00 | 100.00 | OK |
Version: 2.2.0
Check: CRAN incoming feasibility
Result: NOTE
Maintainer: ‘Richard Reeve <richard.reeve@glasgow.ac.uk>’
The Description field contains
<arXiv:1404.6520v3>.
Please refer to arXiv e-prints via their arXiv DOI <doi:10.48550/arXiv.YYMM.NNNNN>.
Flavors: r-devel-linux-x86_64-debian-clang, r-devel-linux-x86_64-debian-gcc