Last updated on 2025-05-10 16:52:38 CEST.
Flavor | Version | Tinstall | Tcheck | Ttotal | Status | Flags |
---|---|---|---|---|---|---|
r-devel-linux-x86_64-debian-clang | 1.0.0 | 2.86 | 36.00 | 38.86 | NOTE | |
r-devel-linux-x86_64-debian-gcc | 1.0.0 | 2.71 | 26.70 | 29.41 | NOTE | |
r-devel-linux-x86_64-fedora-clang | 1.0.0 | 67.27 | OK | |||
r-devel-linux-x86_64-fedora-gcc | 1.0.0 | 64.52 | OK | |||
r-devel-windows-x86_64 | 1.0.0 | 5.00 | 54.00 | 59.00 | OK | |
r-patched-linux-x86_64 | 1.0.0 | 3.61 | 34.74 | 38.35 | OK | |
r-release-linux-x86_64 | 1.0.0 | 2.83 | 34.58 | 37.41 | OK | |
r-release-macos-arm64 | 1.0.0 | 20.00 | OK | |||
r-release-macos-x86_64 | 1.0.0 | 35.00 | OK | |||
r-release-windows-x86_64 | 1.0.0 | 5.00 | 55.00 | 60.00 | OK | |
r-oldrel-macos-arm64 | 1.0.0 | 19.00 | NOTE | |||
r-oldrel-macos-x86_64 | 1.0.0 | 30.00 | NOTE | |||
r-oldrel-windows-x86_64 | 1.0.0 | 6.00 | 65.00 | 71.00 | NOTE |
Version: 1.0.0
Check: CRAN incoming feasibility
Result: NOTE
Maintainer: ‘Christopher Bolen <cbolen1@gmail.com>’
Package CITATION file contains call(s) to old-style personList() or
as.personList(). Please use c() on person objects instead.
Package CITATION file contains call(s) to old-style citEntry(). Please
use bibentry() instead.
Flavors: r-devel-linux-x86_64-debian-clang, r-devel-linux-x86_64-debian-gcc
Version: 1.0.0
Check: LazyData
Result: NOTE
'LazyData' is specified without a 'data' directory
Flavors: r-oldrel-macos-arm64, r-oldrel-macos-x86_64, r-oldrel-windows-x86_64