Last updated on 2025-07-22 16:49:43 CEST.
Flavor | Version | Tinstall | Tcheck | Ttotal | Status | Flags |
---|---|---|---|---|---|---|
r-devel-linux-x86_64-debian-clang | 0.0.1 | 3.36 | 54.36 | 57.72 | NOTE | |
r-devel-linux-x86_64-debian-gcc | 0.0.1 | 2.35 | 40.53 | 42.88 | NOTE | |
r-devel-linux-x86_64-fedora-clang | 0.0.1 | 91.27 | NOTE | |||
r-devel-linux-x86_64-fedora-gcc | 0.0.1 | 96.89 | NOTE | |||
r-devel-windows-x86_64 | 0.0.1 | 5.00 | 80.00 | 85.00 | NOTE | |
r-patched-linux-x86_64 | 0.0.1 | 4.07 | 50.69 | 54.76 | NOTE | |
r-release-linux-x86_64 | 0.0.1 | 2.40 | 50.65 | 53.05 | NOTE | |
r-release-macos-arm64 | 0.0.1 | 35.00 | NOTE | |||
r-release-macos-x86_64 | 0.0.1 | 63.00 | NOTE | |||
r-release-windows-x86_64 | 0.0.1 | 6.00 | 84.00 | 90.00 | NOTE | |
r-oldrel-macos-arm64 | 0.0.1 | 200.00 | OK | |||
r-oldrel-macos-x86_64 | 0.0.1 | 222.00 | OK | |||
r-oldrel-windows-x86_64 | 0.0.1 | 6.00 | 94.00 | 100.00 | OK |
Version: 0.0.1
Check: DESCRIPTION meta-information
Result: NOTE
Missing dependency on R >= 4.1.0 because package code uses the pipe
|> or function shorthand \(...) syntax added in R 4.1.0.
File(s) using such syntax:
‘extract_smoking.R’ ‘extract_test_data_var.R’ ‘extract_time_until.R’
‘misc_functions.R’
Flavors: r-devel-linux-x86_64-debian-clang, r-devel-linux-x86_64-debian-gcc, r-devel-linux-x86_64-fedora-clang, r-devel-linux-x86_64-fedora-gcc, r-devel-windows-x86_64, r-patched-linux-x86_64, r-release-linux-x86_64, r-release-macos-arm64, r-release-macos-x86_64, r-release-windows-x86_64