Last updated on 2025-05-10 20:49:50 CEST.
Flavor | Version | Tinstall | Tcheck | Ttotal | Status | Flags |
---|---|---|---|---|---|---|
r-devel-linux-x86_64-debian-clang | 0.3.2 | 5.03 | 48.35 | 53.38 | NOTE | |
r-devel-linux-x86_64-debian-gcc | 0.3.2 | 2.82 | 36.05 | 38.87 | NOTE | |
r-devel-linux-x86_64-fedora-clang | 0.3.2 | 85.47 | OK | |||
r-devel-linux-x86_64-fedora-gcc | 0.3.2 | 98.84 | OK | |||
r-devel-windows-x86_64 | 0.3.2 | 6.00 | 73.00 | 79.00 | OK | |
r-patched-linux-x86_64 | 0.3.2 | 4.67 | 43.67 | 48.34 | OK | |
r-release-linux-x86_64 | 0.3.2 | 4.70 | 44.39 | 49.09 | OK | |
r-release-macos-arm64 | 0.3.2 | 34.00 | OK | |||
r-release-macos-x86_64 | 0.3.2 | 85.00 | OK | |||
r-release-windows-x86_64 | 0.3.2 | 6.00 | 75.00 | 81.00 | OK | |
r-oldrel-macos-arm64 | 0.3.2 | 33.00 | OK | |||
r-oldrel-macos-x86_64 | 0.3.2 | 51.00 | OK | |||
r-oldrel-windows-x86_64 | 0.3.2 | 8.00 | 83.00 | 91.00 | OK |
Version: 0.3.2
Check: CRAN incoming feasibility
Result: NOTE
Maintainer: ‘Xiang Zhou <xiang_zhou@fas.harvard.edu>’
The BugReports field in DESCRIPTION has
https://github.com/xiangzhou09/rbw
which should likely be
https://github.com/xiangzhou09/rbw/issues
instead.
Flavors: r-devel-linux-x86_64-debian-clang, r-devel-linux-x86_64-debian-gcc