CRAN Package Check Results for Package ratlas

Last updated on 2025-05-10 16:52:38 CEST.

Flavor Version Tinstall Tcheck Ttotal Status Flags
r-devel-linux-x86_64-debian-clang 0.1.0 9.41 113.01 122.42 NOTE
r-devel-linux-x86_64-debian-gcc 0.1.0 6.00 78.19 84.19 NOTE
r-devel-linux-x86_64-fedora-clang 0.1.0 189.67 NOTE
r-devel-linux-x86_64-fedora-gcc 0.1.0 196.43 NOTE
r-devel-windows-x86_64 0.1.0 11.00 114.00 125.00 NOTE
r-patched-linux-x86_64 0.1.0 9.59 103.85 113.44 NOTE
r-release-linux-x86_64 0.1.0 8.94 102.06 111.00 NOTE
r-release-macos-arm64 0.1.0 55.00 NOTE
r-release-macos-x86_64 0.1.0 102.00 NOTE
r-release-windows-x86_64 0.1.0 10.00 118.00 128.00 NOTE
r-oldrel-macos-arm64 0.1.0 64.00 NOTE
r-oldrel-macos-x86_64 0.1.0 101.00 NOTE
r-oldrel-windows-x86_64 0.1.0 14.00 145.00 159.00 NOTE

Check Details

Version: 0.1.0
Check: DESCRIPTION meta-information
Result: NOTE Missing dependency on R >= 4.1.0 because package code uses the pipe |> or function shorthand \(...) syntax added in R 4.1.0. File(s) using such syntax: ‘combine_n_pct.Rd’ ‘fmt_kbl_header.Rd’ ‘fmt_table.Rd’ ‘table-format.R’ Flavors: r-devel-linux-x86_64-debian-clang, r-devel-linux-x86_64-debian-gcc, r-devel-linux-x86_64-fedora-clang, r-devel-linux-x86_64-fedora-gcc, r-devel-windows-x86_64, r-patched-linux-x86_64, r-release-linux-x86_64, r-release-macos-arm64, r-release-windows-x86_64

Version: 0.1.0
Check: DESCRIPTION meta-information
Result: NOTE Missing dependency on R >= 4.1.0 because package code uses the pipe |> or function shorthand \(...) syntax added in R 4.1.0. File(s) using such syntax: ‘table-format.R’ Flavor: r-release-macos-x86_64

Version: 0.1.0
Check: installed package size
Result: NOTE installed size is 5.1Mb sub-directories of 1Mb or more: doc 2.6Mb rstudio 1.6Mb Flavors: r-oldrel-macos-arm64, r-oldrel-macos-x86_64, r-oldrel-windows-x86_64