Last updated on 2025-05-10 16:52:38 CEST.
Flavor | Version | Tinstall | Tcheck | Ttotal | Status | Flags |
---|---|---|---|---|---|---|
r-devel-linux-x86_64-debian-clang | 0.23 | 17.36 | 67.91 | 85.27 | NOTE | |
r-devel-linux-x86_64-debian-gcc | 0.23 | 13.78 | 51.01 | 64.79 | NOTE | |
r-devel-linux-x86_64-fedora-clang | 0.23 | 149.15 | OK | |||
r-devel-linux-x86_64-fedora-gcc | 0.23 | 142.89 | OK | |||
r-devel-windows-x86_64 | 0.23 | 22.00 | 100.00 | 122.00 | NOTE | |
r-patched-linux-x86_64 | 0.23 | 17.60 | 65.28 | 82.88 | NOTE | |
r-release-linux-x86_64 | 0.23 | 16.86 | 63.56 | 80.42 | NOTE | |
r-release-macos-arm64 | 0.23 | 40.00 | OK | |||
r-release-macos-x86_64 | 0.23 | 79.00 | OK | |||
r-release-windows-x86_64 | 0.23 | 21.00 | 97.00 | 118.00 | NOTE | |
r-oldrel-macos-arm64 | 0.23 | 43.00 | OK | |||
r-oldrel-macos-x86_64 | 0.23 | 62.00 | OK | |||
r-oldrel-windows-x86_64 | 0.23 | 27.00 | 116.00 | 143.00 | OK |
Version: 0.23
Check: Rd cross-references
Result: NOTE
Found the following Rd file(s) with Rd \link{} targets missing package
anchors:
rboost.Rd: gbm.object, gbm.more, gbm.perf
Please provide package anchors for all Rd \link{} targets not in the
package itself and the base packages.
Flavors: r-devel-linux-x86_64-debian-clang, r-devel-linux-x86_64-debian-gcc, r-devel-windows-x86_64, r-patched-linux-x86_64, r-release-linux-x86_64, r-release-windows-x86_64