CRAN Package Check Results for Package ranktreeEnsemble

Last updated on 2025-07-16 09:51:27 CEST.

Flavor Version Tinstall Tcheck Ttotal Status Flags
r-devel-linux-x86_64-debian-clang 0.23 18.45 68.09 86.54 NOTE
r-devel-linux-x86_64-debian-gcc 0.23 13.53 51.37 64.90 NOTE
r-devel-linux-x86_64-fedora-clang 0.23 137.55 OK
r-devel-linux-x86_64-fedora-gcc 0.23 138.12 OK
r-devel-windows-x86_64 0.23 23.00 94.00 117.00 NOTE
r-patched-linux-x86_64 0.23 17.14 64.85 81.99 NOTE
r-release-linux-x86_64 0.23 16.91 64.55 81.46 NOTE
r-release-macos-arm64 0.23 40.00 OK
r-release-macos-x86_64 0.23 79.00 OK
r-release-windows-x86_64 0.23 21.00 101.00 122.00 NOTE
r-oldrel-macos-arm64 0.23 43.00 OK
r-oldrel-macos-x86_64 0.23 62.00 OK
r-oldrel-windows-x86_64 0.23 26.00 117.00 143.00 OK

Check Details

Version: 0.23
Check: Rd cross-references
Result: NOTE Found the following Rd file(s) with Rd \link{} targets missing package anchors: rboost.Rd: gbm.object, gbm.more, gbm.perf Please provide package anchors for all Rd \link{} targets not in the package itself and the base packages. Flavors: r-devel-linux-x86_64-debian-clang, r-devel-linux-x86_64-debian-gcc, r-devel-windows-x86_64, r-patched-linux-x86_64, r-release-linux-x86_64, r-release-windows-x86_64