CRAN Package Check Results for Package rankinPlot

Last updated on 2025-05-10 16:52:38 CEST.

Flavor Version Tinstall Tcheck Ttotal Status Flags
r-devel-linux-x86_64-debian-clang 1.1.0 1.83 24.52 26.35 NOTE
r-devel-linux-x86_64-debian-gcc 1.1.0 1.58 19.23 20.81 NOTE
r-devel-linux-x86_64-fedora-clang 1.1.0 43.67 NOTE
r-devel-linux-x86_64-fedora-gcc 1.1.0 41.86 NOTE
r-devel-windows-x86_64 1.1.0 3.00 50.00 53.00 NOTE
r-patched-linux-x86_64 1.1.0 1.66 23.83 25.49 NOTE
r-release-linux-x86_64 1.1.0 1.65 23.36 25.01 NOTE
r-release-macos-arm64 1.1.0 19.00 NOTE
r-release-macos-x86_64 1.1.0 35.00 NOTE
r-release-windows-x86_64 1.1.0 3.00 49.00 52.00 NOTE
r-oldrel-macos-arm64 1.1.0 19.00 NOTE
r-oldrel-macos-x86_64 1.1.0 27.00 NOTE
r-oldrel-windows-x86_64 1.1.0 4.00 55.00 59.00 NOTE

Check Details

Version: 1.1.0
Check: Rd files
Result: NOTE checkRd: (-1) grottaBar.Rd:69: Lost braces in \itemize; meant \describe ? checkRd: (-1) grottaBar.Rd:70: Lost braces in \itemize; meant \describe ? checkRd: (-1) grottaBar.Rd:71: Lost braces in \itemize; meant \describe ? checkRd: (-1) grottaBar.Rd:79: Lost braces in \itemize; meant \describe ? checkRd: (-1) grottaBar.Rd:80: Lost braces in \itemize; meant \describe ? checkRd: (-1) grottaBar.Rd:81: Lost braces in \itemize; meant \describe ? checkRd: (-1) grottaBar.Rd:82: Lost braces in \itemize; meant \describe ? checkRd: (-1) grottaBar.Rd:83: Lost braces in \itemize; meant \describe ? Flavors: r-devel-linux-x86_64-debian-clang, r-devel-linux-x86_64-debian-gcc, r-devel-linux-x86_64-fedora-clang, r-devel-linux-x86_64-fedora-gcc, r-devel-windows-x86_64, r-patched-linux-x86_64, r-release-linux-x86_64, r-release-macos-arm64, r-release-macos-x86_64, r-release-windows-x86_64, r-oldrel-macos-arm64, r-oldrel-macos-x86_64, r-oldrel-windows-x86_64