CRAN Package Check Results for Package ramify

Last updated on 2025-05-10 16:52:38 CEST.

Flavor Version Tinstall Tcheck Ttotal Status Flags
r-devel-linux-x86_64-debian-clang 0.3.3 2.08 25.54 27.62 NOTE
r-devel-linux-x86_64-debian-gcc 0.3.3 1.88 20.23 22.11 NOTE
r-devel-linux-x86_64-fedora-clang 0.3.3 47.76 OK
r-devel-linux-x86_64-fedora-gcc 0.3.3 64.45 OK
r-devel-windows-x86_64 0.3.3 4.00 51.00 55.00 NOTE
r-patched-linux-x86_64 0.3.3 2.69 24.08 26.77 NOTE
r-release-linux-x86_64 0.3.3 2.29 24.05 26.34 NOTE
r-release-macos-arm64 0.3.3 28.00 OK
r-release-macos-x86_64 0.3.3 47.00 OK
r-release-windows-x86_64 0.3.3 4.00 52.00 56.00 NOTE
r-oldrel-macos-arm64 0.3.3 34.00 OK
r-oldrel-macos-x86_64 0.3.3 39.00 OK
r-oldrel-windows-x86_64 0.3.3 4.00 57.00 61.00 OK

Check Details

Version: 0.3.3
Check: Rd cross-references
Result: NOTE Found the following Rd file(s) with Rd \link{} targets missing package anchors: matrix_rank.Rd: rankMatrix, Matrix Please provide package anchors for all Rd \link{} targets not in the package itself and the base packages. Flavors: r-devel-linux-x86_64-debian-clang, r-devel-linux-x86_64-debian-gcc, r-devel-windows-x86_64, r-patched-linux-x86_64, r-release-linux-x86_64, r-release-windows-x86_64