CRAN Package Check Results for Package rainfarmr

Last updated on 2025-05-10 20:49:50 CEST.

Flavor Version Tinstall Tcheck Ttotal Status Flags
r-devel-linux-x86_64-debian-clang 0.1 2.01 21.77 23.78 NOTE
r-devel-linux-x86_64-debian-gcc 0.1 1.71 16.94 18.65 NOTE
r-devel-linux-x86_64-fedora-clang 0.1 38.02 OK
r-devel-linux-x86_64-fedora-gcc 0.1 36.19 OK
r-devel-windows-x86_64 0.1 3.00 40.00 43.00 OK
r-patched-linux-x86_64 0.1 2.49 19.62 22.11 OK
r-release-linux-x86_64 0.1 1.94 19.37 21.31 OK
r-release-macos-arm64 0.1 15.00 OK
r-release-macos-x86_64 0.1 30.00 OK
r-release-windows-x86_64 0.1 3.00 44.00 47.00 OK
r-oldrel-macos-arm64 0.1 20.00 NOTE
r-oldrel-macos-x86_64 0.1 30.00 NOTE
r-oldrel-windows-x86_64 0.1 3.00 39.00 42.00 NOTE

Check Details

Version: 0.1
Check: CRAN incoming feasibility
Result: NOTE Maintainer: ‘Jost von Hardenberg <j.vonhardenberg@isac.cnr.it>’ The BugReports field in DESCRIPTION has https://github.com/jhardenberg/rainfarmr which should likely be https://github.com/jhardenberg/rainfarmr/issues instead. Flavors: r-devel-linux-x86_64-debian-clang, r-devel-linux-x86_64-debian-gcc

Version: 0.1
Check: LazyData
Result: NOTE 'LazyData' is specified without a 'data' directory Flavors: r-oldrel-macos-arm64, r-oldrel-macos-x86_64, r-oldrel-windows-x86_64