CRAN Package Check Results for Package radir

Last updated on 2025-07-21 09:50:02 CEST.

Flavor Version Tinstall Tcheck Ttotal Status Flags
r-devel-linux-x86_64-debian-clang 1.0.4 2.65 38.87 41.52 NOTE
r-devel-linux-x86_64-debian-gcc 1.0.4 1.93 27.52 29.45 NOTE
r-devel-linux-x86_64-fedora-clang 1.0.4 65.46 OK
r-devel-linux-x86_64-fedora-gcc 1.0.4 62.10 OK
r-devel-windows-x86_64 1.0.4 4.00 54.00 58.00 OK
r-patched-linux-x86_64 1.0.4 2.91 36.77 39.68 OK
r-release-linux-x86_64 1.0.4 2.31 37.64 39.95 OK
r-release-macos-arm64 1.0.4 23.00 OK
r-release-macos-x86_64 1.0.4 43.00 OK
r-release-windows-x86_64 1.0.4 4.00 54.00 58.00 OK
r-oldrel-macos-arm64 1.0.4 20.00 OK
r-oldrel-macos-x86_64 1.0.4 34.00 OK
r-oldrel-windows-x86_64 1.0.4 5.00 64.00 69.00 OK

Check Details

Version: 1.0.4
Check: CRAN incoming feasibility
Result: NOTE Maintainer: ‘David Moriña Soler <david.morina@uab.cat>’ No Authors@R field in DESCRIPTION. Please add one, modifying Authors@R: c(person(given = "David", family = "Moriña", role = c("aut", "cre"), email = "david.morina@uab.cat", comment = "Barcelona Graduate School of Mathematics"), person(given = "Manuel", family = "Higueras", role = "aut", comment = "Basque Center for Applied Mathematics"), person(given = "Pedro", family = "Puig", role = "aut", comment = "Universitat Autònoma de Barcelona")) as necessary. Package CITATION file contains call(s) to old-style personList() or as.personList(). Please use c() on person objects instead. Package CITATION file contains call(s) to old-style citEntry(). Please use bibentry() instead. Flavors: r-devel-linux-x86_64-debian-clang, r-devel-linux-x86_64-debian-gcc