Last updated on 2025-07-24 09:50:10 CEST.
Flavor | Version | Tinstall | Tcheck | Ttotal | Status | Flags |
---|---|---|---|---|---|---|
r-devel-linux-x86_64-debian-clang | 1.4.0 | 111.18 | 57.69 | 168.87 | OK | |
r-devel-linux-x86_64-debian-gcc | 1.4.5 | 83.10 | 46.00 | 129.10 | OK | |
r-devel-linux-x86_64-fedora-clang | 1.4.5 | 317.32 | OK | |||
r-devel-linux-x86_64-fedora-gcc | 1.4.5 | 324.59 | OK | |||
r-devel-windows-x86_64 | 1.4.0 | 118.00 | 102.00 | 220.00 | OK | |
r-patched-linux-x86_64 | 1.4.0 | 116.31 | 59.45 | 175.76 | OK | |
r-release-linux-x86_64 | 1.4.0 | 120.49 | 59.52 | 180.01 | OK | |
r-release-macos-arm64 | 1.4.0 | 86.00 | OK | |||
r-release-macos-x86_64 | 1.4.5 | 175.00 | OK | |||
r-release-windows-x86_64 | 1.4.0 | 122.00 | 96.00 | 218.00 | OK | |
r-oldrel-macos-arm64 | 1.4.0 | 69.00 | NOTE | |||
r-oldrel-macos-x86_64 | 1.4.5 | 176.00 | NOTE | |||
r-oldrel-windows-x86_64 | 1.4.0 | 149.00 | 123.00 | 272.00 | OK |
Version: 1.4.0
Check: installed package size
Result: NOTE
installed size is 31.3Mb
sub-directories of 1Mb or more:
libs 30.1Mb
Flavor: r-oldrel-macos-arm64
Version: 1.4.5
Check: installed package size
Result: NOTE
installed size is 32.7Mb
sub-directories of 1Mb or more:
libs 31.5Mb
Flavor: r-oldrel-macos-x86_64