Last updated on 2025-05-10 16:52:39 CEST.
Flavor | Version | Tinstall | Tcheck | Ttotal | Status | Flags |
---|---|---|---|---|---|---|
r-devel-linux-x86_64-debian-clang | 1.3 | 19.55 | 232.22 | 251.77 | OK | |
r-devel-linux-x86_64-debian-gcc | 1.3 | 13.20 | 161.53 | 174.73 | OK | |
r-devel-linux-x86_64-fedora-clang | 1.3 | 415.79 | OK | |||
r-devel-linux-x86_64-fedora-gcc | 1.3 | 413.61 | OK | |||
r-devel-windows-x86_64 | 1.3 | 41.00 | 214.00 | 255.00 | OK | |
r-patched-linux-x86_64 | 1.3 | 17.15 | 217.81 | 234.96 | OK | |
r-release-linux-x86_64 | 1.3 | 17.73 | 218.20 | 235.93 | OK | |
r-release-macos-arm64 | 1.3 | 105.00 | OK | |||
r-release-macos-x86_64 | 1.3 | 207.00 | OK | |||
r-release-windows-x86_64 | 1.3 | 40.00 | 209.00 | 249.00 | OK | |
r-oldrel-macos-arm64 | 1.3 | 100.00 | NOTE | |||
r-oldrel-macos-x86_64 | 1.3 | 154.00 | NOTE | |||
r-oldrel-windows-x86_64 | 1.3 | 52.00 | 272.00 | 324.00 | NOTE |
Version: 1.3
Check: installed package size
Result: NOTE
installed size is 24.7Mb
sub-directories of 1Mb or more:
extdata 24.0Mb
Flavors: r-oldrel-macos-arm64, r-oldrel-macos-x86_64, r-oldrel-windows-x86_64