CRAN Package Check Results for Package rGroovy

Last updated on 2025-05-10 12:49:52 CEST.

Flavor Version Tinstall Tcheck Ttotal Status Flags
r-devel-linux-x86_64-debian-clang 1.3 3.26 32.14 35.40 NOTE
r-devel-linux-x86_64-debian-gcc 1.3 2.22 24.35 26.57 NOTE
r-devel-linux-x86_64-fedora-clang 1.3 57.90 OK
r-devel-linux-x86_64-fedora-gcc 1.3 52.94 OK
r-devel-windows-x86_64 1.3 3.00 51.00 54.00 OK
r-patched-linux-x86_64 1.3 2.48 30.57 33.05 OK
r-release-linux-x86_64 1.3 2.81 30.57 33.38 OK
r-release-macos-arm64 1.3 21.00 OK
r-release-macos-x86_64 1.3 36.00 OK
r-release-windows-x86_64 1.3 5.00 53.00 58.00 OK
r-oldrel-macos-arm64 1.3 19.00 OK
r-oldrel-macos-x86_64 1.3 29.00 OK
r-oldrel-windows-x86_64 1.3 5.00 59.00 64.00 OK

Check Details

Version: 1.3
Check: CRAN incoming feasibility
Result: NOTE Maintainer: ‘Thomas P. Fuller <thomas.fuller@coherentlogic.com>’ No Authors@R field in DESCRIPTION. Please add one, modifying Authors@R: person(given = c("Thomas", "P."), family = "Fuller", role = c("aut", "cre"), email = "thomas.fuller@coherentlogic.com") as necessary. Flavors: r-devel-linux-x86_64-debian-clang, r-devel-linux-x86_64-debian-gcc