CRAN Package Check Results for Package rGhanaCensus

Last updated on 2025-07-27 01:48:32 CEST.

Flavor Version Tinstall Tcheck Ttotal Status Flags
r-devel-linux-x86_64-debian-clang 0.1.0 1.34 37.86 39.20 NOTE
r-devel-linux-x86_64-debian-gcc 0.1.0 1.36 29.04 30.40 NOTE
r-devel-linux-x86_64-fedora-clang 0.1.0 68.04 NOTE
r-devel-linux-x86_64-fedora-gcc 0.1.0 74.48 NOTE
r-devel-windows-x86_64 0.1.0 4.00 53.00 57.00 NOTE
r-patched-linux-x86_64 0.1.0 1.60 35.40 37.00 NOTE
r-release-linux-x86_64 0.1.0 1.43 35.53 36.96 NOTE
r-release-macos-arm64 0.1.0 29.00 NOTE
r-release-macos-x86_64 0.1.0 55.00 NOTE
r-release-windows-x86_64 0.1.0 4.00 54.00 58.00 NOTE
r-oldrel-macos-arm64 0.1.0 26.00 NOTE
r-oldrel-macos-x86_64 0.1.0 41.00 NOTE
r-oldrel-windows-x86_64 0.1.0 3.00 65.00 68.00 NOTE

Check Details

Version: 0.1.0
Check: Rd files
Result: NOTE checkRd: (-1) Ghana_2021_school_attendance.Rd:75: Lost braces in \itemize; meant \describe ? checkRd: (-1) Ghana_2021_school_attendance_geometry.Rd:75: Lost braces in \itemize; meant \describe ? Flavors: r-devel-linux-x86_64-debian-clang, r-devel-linux-x86_64-debian-gcc, r-devel-linux-x86_64-fedora-clang, r-devel-linux-x86_64-fedora-gcc, r-devel-windows-x86_64, r-patched-linux-x86_64, r-release-linux-x86_64, r-release-macos-arm64, r-release-macos-x86_64, r-release-windows-x86_64, r-oldrel-macos-arm64, r-oldrel-macos-x86_64, r-oldrel-windows-x86_64