CRAN Package Check Results for Package quietR

Last updated on 2025-05-10 16:52:38 CEST.

Flavor Version Tinstall Tcheck Ttotal Status Flags
r-devel-linux-x86_64-debian-clang 0.1.0 1.57 18.39 19.96 OK
r-devel-linux-x86_64-debian-gcc 0.1.0 1.30 15.51 16.81 OK
r-devel-linux-x86_64-fedora-clang 0.1.0 31.12 OK
r-devel-linux-x86_64-fedora-gcc 0.1.0 30.00 OK
r-devel-windows-x86_64 0.1.0 3.00 46.00 49.00 OK
r-patched-linux-x86_64 0.1.0 1.68 17.58 19.26 OK
r-release-linux-x86_64 0.1.0 1.55 17.96 19.51 OK
r-release-macos-arm64 0.1.0 18.00 OK
r-release-macos-x86_64 0.1.0 25.00 OK
r-release-windows-x86_64 0.1.0 3.00 47.00 50.00 OK
r-oldrel-macos-arm64 0.1.0 16.00 NOTE
r-oldrel-macos-x86_64 0.1.0 22.00 NOTE
r-oldrel-windows-x86_64 0.1.0 3.00 47.00 50.00 NOTE

Check Details

Version: 0.1.0
Check: LazyData
Result: NOTE 'LazyData' is specified without a 'data' directory Flavors: r-oldrel-macos-arm64, r-oldrel-macos-x86_64, r-oldrel-windows-x86_64