Last updated on 2024-05-19 12:53:55 CEST.
Flavor | Version | Tinstall | Tcheck | Ttotal | Status | Flags |
---|---|---|---|---|---|---|
r-devel-linux-x86_64-debian-clang | 0.1.14 | 131.19 | 375.07 | 506.26 | NOTE | |
r-devel-linux-x86_64-debian-gcc | 0.1.14 | 102.17 | 260.78 | 362.95 | NOTE | |
r-devel-linux-x86_64-fedora-clang | 0.1.14 | 670.29 | NOTE | |||
r-devel-linux-x86_64-fedora-gcc | 0.1.14 | 867.02 | NOTE | |||
r-devel-windows-x86_64 | 0.1.14 | 97.00 | 266.00 | 363.00 | NOTE | |
r-patched-linux-x86_64 | 0.1.14 | 133.34 | 345.24 | 478.58 | NOTE | |
r-release-linux-x86_64 | 0.1.14 | 126.49 | 348.54 | 475.03 | NOTE | |
r-release-macos-arm64 | 0.1.14 | 139.00 | NOTE | |||
r-release-windows-x86_64 | 0.1.14 | 94.00 | 264.00 | 358.00 | NOTE | |
r-oldrel-macos-arm64 | 0.1.14 | 157.00 | NOTE | |||
r-oldrel-macos-x86_64 | 0.1.14 | 368.00 | NOTE | |||
r-oldrel-windows-x86_64 | 0.1.14 | 123.00 | 342.00 | 465.00 | OK |
Version: 0.1.14
Check: Rd files
Result: NOTE
checkRd: (-1) find_lcp.Rd:60: Lost braces in \itemize; \value handles \item{}{} directly
checkRd: (-1) find_lcp.Rd:61: Lost braces in \itemize; \value handles \item{}{} directly
checkRd: (-1) find_lcp.Rd:62: Lost braces in \itemize; \value handles \item{}{} directly
checkRd: (-1) find_lcp.Rd:63-65: Lost braces in \itemize; \value handles \item{}{} directly
checkRd: (-1) find_lcp.Rd:66: Lost braces in \itemize; \value handles \item{}{} directly
checkRd: (-1) find_lcp.Rd:67: Lost braces in \itemize; \value handles \item{}{} directly
checkRd: (-1) summarize_lcps.Rd:17: Lost braces in \itemize; \value handles \item{}{} directly
checkRd: (-1) summarize_lcps.Rd:18-19: Lost braces in \itemize; \value handles \item{}{} directly
checkRd: (-1) summarize_lcps.Rd:20: Lost braces in \itemize; \value handles \item{}{} directly
checkRd: (-1) summarize_lcps.Rd:21: Lost braces in \itemize; \value handles \item{}{} directly
checkRd: (-1) summarize_lcps.Rd:22: Lost braces in \itemize; \value handles \item{}{} directly
checkRd: (-1) summarize_lcps.Rd:23-25: Lost braces in \itemize; \value handles \item{}{} directly
Flavors: r-devel-linux-x86_64-debian-clang, r-devel-linux-x86_64-debian-gcc, r-devel-linux-x86_64-fedora-clang, r-devel-linux-x86_64-fedora-gcc, r-devel-windows-x86_64, r-patched-linux-x86_64, r-release-linux-x86_64, r-release-macos-arm64, r-release-windows-x86_64
Version: 0.1.14
Check: installed package size
Result: NOTE
installed size is 10.9Mb
sub-directories of 1Mb or more:
doc 1.7Mb
libs 8.3Mb
Flavors: r-release-macos-arm64, r-oldrel-macos-arm64, r-oldrel-macos-x86_64