Last updated on 2024-05-19 12:53:55 CEST.
Flavor | Version | Tinstall | Tcheck | Ttotal | Status | Flags |
---|---|---|---|---|---|---|
r-devel-linux-x86_64-debian-clang | 0.2-11 | 124.90 | 182.28 | 307.18 | OK | |
r-devel-linux-x86_64-debian-gcc | 0.2-11 | 103.61 | 128.59 | 232.20 | OK | |
r-devel-linux-x86_64-fedora-clang | 0.2-11 | 429.32 | OK | |||
r-devel-linux-x86_64-fedora-gcc | 0.2-11 | 532.49 | OK | |||
r-devel-windows-x86_64 | 0.2-11 | 105.00 | 178.00 | 283.00 | OK | |
r-patched-linux-x86_64 | 0.2-11 | 121.59 | 179.56 | 301.15 | OK | |
r-release-linux-x86_64 | 0.2-11 | 134.24 | 176.05 | 310.29 | OK | |
r-release-macos-arm64 | 0.2-11 | 94.00 | NOTE | |||
r-release-windows-x86_64 | 0.2-11 | 104.00 | 176.00 | 280.00 | OK | |
r-oldrel-macos-arm64 | 0.2-11 | 128.00 | NOTE | |||
r-oldrel-macos-x86_64 | 0.2-11 | 210.00 | NOTE | |||
r-oldrel-windows-x86_64 | 0.2-11 | 126.00 | 210.00 | 336.00 | OK |
Version: 0.2-11
Check: installed package size
Result: NOTE
installed size is 7.8Mb
sub-directories of 1Mb or more:
libs 7.4Mb
Flavors: r-release-macos-arm64, r-oldrel-macos-arm64, r-oldrel-macos-x86_64