Last updated on 2025-05-10 16:52:38 CEST.
Flavor | Version | Tinstall | Tcheck | Ttotal | Status | Flags |
---|---|---|---|---|---|---|
r-devel-linux-x86_64-debian-clang | 0.2-12 | 88.08 | 144.36 | 232.44 | OK | |
r-devel-linux-x86_64-debian-gcc | 0.2-12 | 64.89 | 102.52 | 167.41 | OK | |
r-devel-linux-x86_64-fedora-clang | 0.2-12 | 243.13 | OK | |||
r-devel-linux-x86_64-fedora-gcc | 0.2-12 | 424.08 | OK | |||
r-devel-windows-x86_64 | 0.2-12 | 104.00 | 182.00 | 286.00 | OK | |
r-patched-linux-x86_64 | 0.2-12 | 91.94 | 138.37 | 230.31 | OK | |
r-release-linux-x86_64 | 0.2-12 | 91.84 | 144.73 | 236.57 | OK | |
r-release-macos-arm64 | 0.2-12 | 96.00 | OK | |||
r-release-macos-x86_64 | 0.2-12 | 180.00 | OK | |||
r-release-windows-x86_64 | 0.2-12 | 102.00 | 177.00 | 279.00 | OK | |
r-oldrel-macos-arm64 | 0.2-12 | 114.00 | NOTE | |||
r-oldrel-macos-x86_64 | 0.2-12 | 205.00 | NOTE | |||
r-oldrel-windows-x86_64 | 0.2-12 | 120.00 | 221.00 | 341.00 | OK |
Version: 0.2-12
Check: installed package size
Result: NOTE
installed size is 7.9Mb
sub-directories of 1Mb or more:
libs 7.4Mb
Flavors: r-oldrel-macos-arm64, r-oldrel-macos-x86_64