Last updated on 2025-05-10 16:52:38 CEST.
Flavor | Version | Tinstall | Tcheck | Ttotal | Status | Flags |
---|---|---|---|---|---|---|
r-devel-linux-x86_64-debian-clang | 0.2.4 | 67.60 | 206.12 | 273.72 | OK | |
r-devel-linux-x86_64-debian-gcc | 0.2.4 | 50.30 | 145.39 | 195.69 | OK | |
r-devel-linux-x86_64-fedora-clang | 0.2.4 | 458.36 | OK | |||
r-devel-linux-x86_64-fedora-gcc | 0.2.4 | 476.24 | OK | |||
r-devel-windows-x86_64 | 0.2.4 | 74.00 | 193.00 | 267.00 | OK | |
r-patched-linux-x86_64 | 0.2.4 | 74.79 | 192.33 | 267.12 | OK | |
r-release-linux-x86_64 | 0.2.4 | 69.07 | 188.49 | 257.56 | OK | |
r-release-macos-arm64 | 0.2.4 | 150.00 | OK | |||
r-release-macos-x86_64 | 0.2.4 | 222.00 | OK | |||
r-release-windows-x86_64 | 0.2.4 | 77.00 | 189.00 | 266.00 | OK | |
r-oldrel-macos-arm64 | 0.2.4 | 124.00 | NOTE | |||
r-oldrel-macos-x86_64 | 0.2.4 | 174.00 | NOTE | |||
r-oldrel-windows-x86_64 | 0.2.4 | 82.00 | 249.00 | 331.00 | OK |
Version: 0.2.4
Check: installed package size
Result: NOTE
installed size is 6.4Mb
sub-directories of 1Mb or more:
libs 5.4Mb
Flavors: r-oldrel-macos-arm64, r-oldrel-macos-x86_64