Last updated on 2025-05-10 16:52:38 CEST.
Flavor | Version | Tinstall | Tcheck | Ttotal | Status | Flags |
---|---|---|---|---|---|---|
r-devel-linux-x86_64-debian-clang | 0.1.5 | 34.60 | 44.94 | 79.54 | OK | |
r-devel-linux-x86_64-debian-gcc | 0.1.5 | 24.21 | 35.76 | 59.97 | OK | |
r-devel-linux-x86_64-fedora-clang | 0.1.5 | 117.00 | OK | |||
r-devel-linux-x86_64-fedora-gcc | 0.1.5 | 148.30 | OK | |||
r-devel-windows-x86_64 | 0.1.5 | 91.00 | 101.00 | 192.00 | OK | |
r-patched-linux-x86_64 | 0.1.5 | 37.10 | 41.37 | 78.47 | OK | |
r-release-linux-x86_64 | 0.1.5 | 34.56 | 41.88 | 76.44 | OK | |
r-release-macos-arm64 | 0.1.5 | 72.00 | NOTE | |||
r-release-macos-x86_64 | 0.1.5 | 106.00 | NOTE | |||
r-release-windows-x86_64 | 0.1.5 | 100.00 | 100.00 | 200.00 | OK | |
r-oldrel-macos-arm64 | 0.1.5 | 96.00 | NOTE | |||
r-oldrel-macos-x86_64 | 0.1.5 | 148.00 | NOTE | |||
r-oldrel-windows-x86_64 | 0.1.5 | 134.00 | 121.00 | 255.00 | NOTE |
Version: 0.1.5
Check: compiled code
Result: NOTE
File ‘qs2/libs/qs2.so’:
Found ‘___stderrp’, possibly from ‘stderr’ (C)
Object: ‘libQSZSTD.a’
Compiled code should not call entry points which might terminate R nor
write to stdout/stderr instead of to the console, nor use Fortran I/O
nor system RNGs nor [v]sprintf.
See ‘Writing portable packages’ in the ‘Writing R Extensions’ manual.
Flavors: r-release-macos-arm64, r-release-macos-x86_64
Version: 0.1.5
Check: installed package size
Result: NOTE
installed size is 9.5Mb
sub-directories of 1Mb or more:
libs 9.3Mb
Flavors: r-oldrel-macos-arm64, r-oldrel-macos-x86_64
Version: 0.1.5
Check: for GNU extensions in Makefiles
Result: NOTE
GNU make is a SystemRequirements.
Flavors: r-oldrel-macos-arm64, r-oldrel-macos-x86_64, r-oldrel-windows-x86_64