Last updated on 2025-07-28 09:50:11 CEST.
Flavor | Version | Tinstall | Tcheck | Ttotal | Status | Flags |
---|---|---|---|---|---|---|
r-devel-linux-x86_64-debian-clang | 2.3 | 10.73 | 85.70 | 96.43 | NOTE | |
r-devel-linux-x86_64-debian-gcc | 2.3 | 9.40 | 71.47 | 80.87 | NOTE | |
r-devel-linux-x86_64-fedora-clang | 2.3 | 149.80 | OK | |||
r-devel-linux-x86_64-fedora-gcc | 2.3 | 146.79 | OK | |||
r-devel-windows-x86_64 | 2.3 | 11.00 | 114.00 | 125.00 | OK | |
r-patched-linux-x86_64 | 2.3 | 11.91 | 84.60 | 96.51 | OK | |
r-release-linux-x86_64 | 2.3 | 10.97 | 84.76 | 95.73 | OK | |
r-release-macos-arm64 | 2.3 | 109.00 | OK | |||
r-release-macos-x86_64 | 2.3 | 146.00 | OK | |||
r-release-windows-x86_64 | 2.3 | 10.00 | 89.00 | 99.00 | OK | |
r-oldrel-macos-arm64 | 2.3 | 84.00 | OK | |||
r-oldrel-macos-x86_64 | 2.3 | 99.00 | OK | |||
r-oldrel-windows-x86_64 | 2.3 | 13.00 | 105.00 | 118.00 | OK |
Version: 2.3
Check: CRAN incoming feasibility
Result: NOTE
Maintainer: ‘Christian E. Galarza <cgalarza88@gmail.com>’
No Authors@R field in DESCRIPTION.
Please add one, modifying
Authors@R: c(person(given = c("Christian", "E."),
family = "Galarza",
role = c("aut", "cre"),
email = "cgalarza88@gmail.com"),
person(given = c("Victor", "H."),
family = "Lachos",
role = "aut",
email = "hlachos@ime.unicamp.br"))
as necessary.
Flavors: r-devel-linux-x86_64-debian-clang, r-devel-linux-x86_64-debian-gcc