Last updated on 2025-05-10 08:50:47 CEST.
Flavor | Version | Tinstall | Tcheck | Ttotal | Status | Flags |
---|---|---|---|---|---|---|
r-devel-linux-x86_64-debian-clang | 0.0.6 | 8.18 | 70.92 | 79.10 | NOTE | |
r-devel-linux-x86_64-debian-gcc | 0.0.6 | 4.78 | 51.25 | 56.03 | NOTE | |
r-devel-linux-x86_64-fedora-clang | 0.0.6 | 114.07 | OK | |||
r-devel-linux-x86_64-fedora-gcc | 0.0.6 | 130.14 | OK | |||
r-devel-windows-x86_64 | 0.0.6 | 8.00 | 83.00 | 91.00 | OK | |
r-patched-linux-x86_64 | 0.0.6 | 5.96 | 66.33 | 72.29 | OK | |
r-release-linux-x86_64 | 0.0.6 | 7.26 | 65.77 | 73.03 | OK | |
r-release-macos-arm64 | 0.0.6 | 51.00 | OK | |||
r-release-macos-x86_64 | 0.0.6 | 77.00 | OK | |||
r-release-windows-x86_64 | 0.0.6 | 10.00 | 83.00 | 93.00 | OK | |
r-oldrel-macos-arm64 | 0.0.6 | 55.00 | OK | |||
r-oldrel-macos-x86_64 | 0.0.6 | 74.00 | OK | |||
r-oldrel-windows-x86_64 | 0.0.6 | 10.00 | 102.00 | 112.00 | OK |
Version: 0.0.6
Check: CRAN incoming feasibility
Result: NOTE
Maintainer: ‘Adam Loy <loyad01@gmail.com>’
Package CITATION file contains call(s) to old-style personList() or
as.personList(). Please use c() on person objects instead.
Package CITATION file contains call(s) to old-style citEntry(). Please
use bibentry() instead.
Flavors: r-devel-linux-x86_64-debian-clang, r-devel-linux-x86_64-debian-gcc