Last updated on 2025-05-10 08:50:47 CEST.
Flavor | Version | Tinstall | Tcheck | Ttotal | Status | Flags |
---|---|---|---|---|---|---|
r-devel-linux-x86_64-debian-clang | 0.4.1 | 6.16 | 82.08 | 88.24 | NOTE | |
r-devel-linux-x86_64-debian-gcc | 0.4.1 | 3.91 | 58.03 | 61.94 | NOTE | |
r-devel-linux-x86_64-fedora-clang | 0.4.1 | 142.42 | NOTE | |||
r-devel-linux-x86_64-fedora-gcc | 0.4.1 | 156.19 | NOTE | |||
r-devel-windows-x86_64 | 0.4.1 | 8.00 | 101.00 | 109.00 | NOTE | |
r-patched-linux-x86_64 | 0.4.1 | 6.72 | 77.16 | 83.88 | NOTE | |
r-release-linux-x86_64 | 0.4.1 | 5.65 | 76.33 | 81.98 | NOTE | |
r-release-macos-arm64 | 0.4.1 | 58.00 | NOTE | |||
r-release-macos-x86_64 | 0.4.1 | 105.00 | NOTE | |||
r-release-windows-x86_64 | 0.4.1 | 8.00 | 102.00 | 110.00 | NOTE | |
r-oldrel-macos-arm64 | 0.4.1 | 51.00 | NOTE | |||
r-oldrel-macos-x86_64 | 0.4.1 | 84.00 | NOTE | |||
r-oldrel-windows-x86_64 | 0.4.1 | 11.00 | 126.00 | 137.00 | NOTE |
Version: 0.4.1
Check: DESCRIPTION meta-information
Result: NOTE
Missing dependency on R >= 4.1.0 because package code uses the pipe
|> or function shorthand \(...) syntax added in R 4.1.0.
File(s) using such syntax:
‘qgis_run_algorithm_p.Rd’
Flavors: r-devel-linux-x86_64-debian-clang, r-devel-linux-x86_64-debian-gcc, r-devel-linux-x86_64-fedora-clang, r-devel-linux-x86_64-fedora-gcc, r-devel-windows-x86_64, r-patched-linux-x86_64, r-release-linux-x86_64, r-release-macos-arm64, r-release-macos-x86_64, r-release-windows-x86_64
Version: 0.4.1
Check: package dependencies
Result: NOTE
Package suggested but not available for checking: ‘spDataLarge’
Flavors: r-oldrel-macos-arm64, r-oldrel-macos-x86_64, r-oldrel-windows-x86_64