Last updated on 2025-05-10 16:52:38 CEST.
Flavor | Version | Tinstall | Tcheck | Ttotal | Status | Flags |
---|---|---|---|---|---|---|
r-devel-linux-x86_64-debian-clang | 2.7 | 5.90 | 75.64 | 81.54 | NOTE | |
r-devel-linux-x86_64-debian-gcc | 2.7 | 3.63 | 57.34 | 60.97 | NOTE | |
r-devel-linux-x86_64-fedora-clang | 2.7 | 116.10 | OK | |||
r-devel-linux-x86_64-fedora-gcc | 2.7 | 125.94 | OK | |||
r-devel-windows-x86_64 | 2.7 | 6.00 | 75.00 | 81.00 | OK | |
r-patched-linux-x86_64 | 2.7 | 6.90 | 74.56 | 81.46 | OK | |
r-release-linux-x86_64 | 2.7 | 5.91 | 73.36 | 79.27 | OK | |
r-release-macos-arm64 | 2.7 | 35.00 | OK | |||
r-release-macos-x86_64 | 2.7 | 65.00 | OK | |||
r-release-windows-x86_64 | 2.7 | 6.00 | 76.00 | 82.00 | OK | |
r-oldrel-macos-arm64 | 2.7 | 33.00 | OK | |||
r-oldrel-macos-x86_64 | 2.7 | 50.00 | OK | |||
r-oldrel-windows-x86_64 | 2.7 | 8.00 | 89.00 | 97.00 | OK |
Version: 2.7
Check: CRAN incoming feasibility
Result: NOTE
Maintainer: ‘Luca Scrucca <luca.scrucca@unipg.it>’
Package CITATION file contains call(s) to old-style personList() or
as.personList(). Please use c() on person objects instead.
Package CITATION file contains call(s) to old-style citEntry(). Please
use bibentry() instead.
Flavors: r-devel-linux-x86_64-debian-clang, r-devel-linux-x86_64-debian-gcc