CRAN Package Check Results for Package qbr

Last updated on 2025-07-28 13:49:43 CEST.

Flavor Version Tinstall Tcheck Ttotal Status Flags
r-devel-linux-x86_64-debian-clang 1.3.0 2.45 24.12 26.57 NOTE
r-devel-linux-x86_64-debian-gcc 1.3.0 1.78 19.88 21.66 NOTE
r-devel-linux-x86_64-fedora-clang 1.3.0 39.30 NOTE
r-devel-linux-x86_64-fedora-gcc 1.3.0 41.32 NOTE
r-devel-windows-x86_64 1.3.0 5.00 51.00 56.00 NOTE
r-patched-linux-x86_64 1.3.0 2.98 22.30 25.28 NOTE
r-release-linux-x86_64 1.3.0 2.32 21.73 24.05 NOTE
r-release-macos-arm64 1.3.0 19.00 NOTE
r-release-macos-x86_64 1.3.0 27.00 NOTE
r-release-windows-x86_64 1.3.0 4.00 52.00 56.00 NOTE
r-oldrel-macos-arm64 1.3.0 21.00 OK
r-oldrel-macos-x86_64 1.3.0 32.00 OK
r-oldrel-windows-x86_64 1.3.0 5.00 57.00 62.00 OK

Check Details

Version: 1.3.0
Check: DESCRIPTION meta-information
Result: NOTE Missing dependency on R >= 4.1.0 because package code uses the pipe |> or function shorthand \(...) syntax added in R 4.1.0. File(s) using such syntax: ‘qb_records.R’ Flavors: r-devel-linux-x86_64-debian-clang, r-devel-linux-x86_64-debian-gcc, r-devel-linux-x86_64-fedora-clang, r-devel-linux-x86_64-fedora-gcc, r-devel-windows-x86_64, r-patched-linux-x86_64, r-release-linux-x86_64, r-release-macos-arm64, r-release-macos-x86_64, r-release-windows-x86_64