Last updated on 2025-05-10 16:52:37 CEST.
Flavor | Version | Tinstall | Tcheck | Ttotal | Status | Flags |
---|---|---|---|---|---|---|
r-devel-linux-x86_64-debian-clang | 0.2.1 | 1.80 | 26.29 | 28.09 | OK | |
r-devel-linux-x86_64-debian-gcc | 0.2.1 | 1.45 | 21.05 | 22.50 | OK | |
r-devel-linux-x86_64-fedora-clang | 0.2.1 | 43.33 | OK | |||
r-devel-linux-x86_64-fedora-gcc | 0.2.1 | 40.77 | OK | |||
r-devel-windows-x86_64 | 0.2.1 | 2.00 | 44.00 | 46.00 | OK | |
r-patched-linux-x86_64 | 0.2.1 | 1.72 | 24.30 | 26.02 | OK | |
r-release-linux-x86_64 | 0.2.1 | 1.60 | 24.50 | 26.10 | OK | |
r-release-macos-arm64 | 0.2.1 | 19.00 | OK | |||
r-release-macos-x86_64 | 0.2.1 | 43.00 | OK | |||
r-release-windows-x86_64 | 0.2.1 | 2.00 | 47.00 | 49.00 | OK | |
r-oldrel-macos-arm64 | 0.2.1 | 20.00 | NOTE | |||
r-oldrel-macos-x86_64 | 0.2.1 | 27.00 | NOTE | |||
r-oldrel-windows-x86_64 | 0.2.1 | 3.00 | 50.00 | 53.00 | NOTE |
Version: 0.2.1
Check: LazyData
Result: NOTE
'LazyData' is specified without a 'data' directory
Flavors: r-oldrel-macos-arm64, r-oldrel-macos-x86_64, r-oldrel-windows-x86_64