Last updated on 2025-05-10 12:49:51 CEST.
Flavor | Version | Tinstall | Tcheck | Ttotal | Status | Flags |
---|---|---|---|---|---|---|
r-devel-linux-x86_64-debian-clang | 0.3.11 | 6.72 | 332.65 | 339.37 | NOTE | |
r-devel-linux-x86_64-debian-gcc | 0.3.11 | 5.27 | 288.79 | 294.06 | NOTE | |
r-devel-linux-x86_64-fedora-clang | 0.3.11 | 485.60 | OK | |||
r-devel-linux-x86_64-fedora-gcc | 0.3.11 | 472.27 | OK | |||
r-devel-windows-x86_64 | 0.3.11 | 8.00 | 297.00 | 305.00 | OK | |
r-patched-linux-x86_64 | 0.3.11 | 7.44 | 321.98 | 329.42 | OK | |
r-release-linux-x86_64 | 0.3.11 | 6.97 | 319.20 | 326.17 | OK | |
r-release-macos-arm64 | 0.3.11 | 179.00 | OK | |||
r-release-macos-x86_64 | 0.3.11 | 330.00 | OK | |||
r-release-windows-x86_64 | 0.3.11 | 8.00 | 297.00 | 305.00 | OK | |
r-oldrel-macos-arm64 | 0.3.11 | 155.00 | OK | |||
r-oldrel-macos-x86_64 | 0.3.11 | 218.00 | OK | |||
r-oldrel-windows-x86_64 | 0.3.11 | 11.00 | 377.00 | 388.00 | OK |
Version: 0.3.11
Check: CRAN incoming feasibility
Result: NOTE
Maintainer: ‘Zachary Kurtz <zdkurtz@gmail.com>’
The Description field contains
Müller, Richard Bonneau, Zachary Kurtz (2016) <arXiv:1605.07072>.
Please refer to arXiv e-prints via their arXiv DOI <doi:10.48550/arXiv.YYMM.NNNNN>.
Flavors: r-devel-linux-x86_64-debian-clang, r-devel-linux-x86_64-debian-gcc