Last updated on 2024-05-19 12:53:55 CEST.
Flavor | Version | Tinstall | Tcheck | Ttotal | Status | Flags |
---|---|---|---|---|---|---|
r-devel-linux-x86_64-debian-clang | 0.0.3 | 2.60 | 21.11 | 23.71 | OK | |
r-devel-linux-x86_64-debian-gcc | 0.0.3 | 2.06 | 15.92 | 17.98 | OK | |
r-devel-linux-x86_64-fedora-clang | 0.0.3 | 30.77 | NOTE | |||
r-devel-linux-x86_64-fedora-gcc | 0.0.3 | 31.64 | NOTE | |||
r-devel-windows-x86_64 | 0.0.3 | 3.00 | 34.00 | 37.00 | OK | |
r-patched-linux-x86_64 | 0.0.3 | 2.38 | 19.54 | 21.92 | OK | |
r-release-linux-x86_64 | 0.0.3 | 2.84 | 19.83 | 22.67 | OK | |
r-release-macos-arm64 | 0.0.3 | 16.00 | OK | |||
r-release-windows-x86_64 | 0.0.3 | 3.00 | 34.00 | 37.00 | OK | |
r-oldrel-macos-arm64 | 0.0.3 | 15.00 | OK | |||
r-oldrel-macos-x86_64 | 0.0.3 | 21.00 | OK | |||
r-oldrel-windows-x86_64 | 0.0.3 | 3.00 | 34.00 | 37.00 | OK |
Version: 0.0.3
Check: data for non-ASCII characters
Result: NOTE
Note: found 28898 marked UTF-8 strings
Flavors: r-devel-linux-x86_64-fedora-clang, r-devel-linux-x86_64-fedora-gcc