Last updated on 2024-05-19 12:53:55 CEST.
Flavor | Version | Tinstall | Tcheck | Ttotal | Status | Flags |
---|---|---|---|---|---|---|
r-devel-linux-x86_64-debian-clang | 1.9-16 | 6.77 | 56.43 | 63.20 | NOTE | |
r-devel-linux-x86_64-debian-gcc | 1.9-16 | 5.02 | 43.25 | 48.27 | NOTE | |
r-devel-linux-x86_64-fedora-clang | 1.9-16 | 80.85 | NOTE | |||
r-devel-linux-x86_64-fedora-gcc | 1.9-16 | 120.08 | NOTE | |||
r-devel-windows-x86_64 | 1.9-16 | 8.00 | 66.00 | 74.00 | NOTE | |
r-patched-linux-x86_64 | 1.9-16 | 7.18 | 56.59 | 63.77 | NOTE | |
r-release-linux-x86_64 | 1.9-16 | 6.58 | 56.06 | 62.64 | NOTE | |
r-release-macos-arm64 | 1.9-16 | 29.00 | NOTE | |||
r-release-windows-x86_64 | 1.9-16 | 9.00 | 68.00 | 77.00 | NOTE | |
r-oldrel-macos-arm64 | 1.9-16 | 30.00 | OK | |||
r-oldrel-macos-x86_64 | 1.9-16 | 44.00 | OK | |||
r-oldrel-windows-x86_64 | 1.9-16 | 11.00 | 73.00 | 84.00 | OK |
Version: 1.9-16
Check: Rd files
Result: NOTE
checkRd: (-1) ptw-package.Rd:20-28: Lost braces
20 | @Article{Bloemberg2010,
| ^
checkRd: (-1) ptw-package.Rd:30-38: Lost braces
30 | Article{Wehrens2015,
| ^
Flavors: r-devel-linux-x86_64-debian-clang, r-devel-linux-x86_64-debian-gcc, r-devel-linux-x86_64-fedora-clang, r-devel-linux-x86_64-fedora-gcc, r-devel-windows-x86_64, r-patched-linux-x86_64, r-release-linux-x86_64, r-release-macos-arm64, r-release-windows-x86_64