Last updated on 2025-05-10 16:52:37 CEST.
Flavor | Version | Tinstall | Tcheck | Ttotal | Status | Flags |
---|---|---|---|---|---|---|
r-devel-linux-x86_64-debian-clang | 1.1.3 | 3.58 | 280.19 | 283.77 | NOTE | |
r-devel-linux-x86_64-debian-gcc | 1.1.3 | 2.25 | 141.31 | 143.56 | NOTE | |
r-devel-linux-x86_64-fedora-clang | 1.1.3 | 498.06 | OK | |||
r-devel-linux-x86_64-fedora-gcc | 1.1.3 | 509.46 | OK | |||
r-devel-windows-x86_64 | 1.1.3 | 6.00 | 231.00 | 237.00 | OK | |
r-patched-linux-x86_64 | 1.1.3 | 3.37 | 268.41 | 271.78 | OK | |
r-release-linux-x86_64 | 1.1.3 | 3.25 | 265.32 | 268.57 | OK | |
r-release-macos-arm64 | 1.1.3 | 119.00 | OK | |||
r-release-macos-x86_64 | 1.1.3 | 302.00 | OK | |||
r-release-windows-x86_64 | 1.1.3 | 5.00 | 231.00 | 236.00 | OK | |
r-oldrel-macos-arm64 | 1.1.3 | 98.00 | OK | |||
r-oldrel-macos-x86_64 | 1.1.3 | 202.00 | OK | |||
r-oldrel-windows-x86_64 | 1.1.3 | 7.00 | 362.00 | 369.00 | OK |
Version: 1.1.3
Check: CRAN incoming feasibility
Result: NOTE
Maintainer: ‘Mirko Signorelli <msignorelli.rpackages@gmail.com>’
Package CITATION file contains call(s) to old-style personList() or
as.personList(). Please use c() on person objects instead.
Package CITATION file contains call(s) to old-style citEntry(). Please
use bibentry() instead.
Flavors: r-devel-linux-x86_64-debian-clang, r-devel-linux-x86_64-debian-gcc