CRAN Package Check Results for Package pssmooth

Last updated on 2025-05-10 16:52:37 CEST.

Flavor Version Tinstall Tcheck Ttotal Status Flags
r-devel-linux-x86_64-debian-clang 1.0.3 10.39 91.12 101.51 NOTE
r-devel-linux-x86_64-debian-gcc 1.0.3 5.94 67.05 72.99 NOTE
r-devel-linux-x86_64-fedora-clang 1.0.3 158.67 OK
r-devel-linux-x86_64-fedora-gcc 1.0.3 153.89 OK
r-devel-windows-x86_64 1.0.3 10.00 96.00 106.00 OK
r-patched-linux-x86_64 1.0.3 10.28 87.25 97.53 OK
r-release-linux-x86_64 1.0.3 9.21 88.26 97.47 OK
r-release-macos-arm64 1.0.3 49.00 OK
r-release-macos-x86_64 1.0.3 91.00 OK
r-release-windows-x86_64 1.0.3 12.00 95.00 107.00 OK
r-oldrel-macos-arm64 1.0.3 45.00 NOTE
r-oldrel-macos-x86_64 1.0.3 88.00 NOTE
r-oldrel-windows-x86_64 1.0.3 15.00 120.00 135.00 NOTE

Check Details

Version: 1.0.3
Check: CRAN incoming feasibility
Result: NOTE Maintainer: ‘Michal Juraska <mjuraska@fredhutch.org>’ Package CITATION file contains call(s) to old-style citEntry(). Please use bibentry() instead. Found the following URLs which should use \doi (with the DOI name only): File ‘riskCurve.Rd’: https://doi.org/10.1093/biostatistics/kxy074 File ‘summary.riskCurve.Rd’: https://doi.org/10.1093/biostatistics/kxy074 File ‘testConstancy.Rd’: https://doi.org/10.1093/biostatistics/kxy074 File ‘testEquality.Rd’: https://doi.org/10.1093/biostatistics/kxy074 Flavors: r-devel-linux-x86_64-debian-clang, r-devel-linux-x86_64-debian-gcc

Version: 1.0.3
Check: LazyData
Result: NOTE 'LazyData' is specified without a 'data' directory Flavors: r-oldrel-macos-arm64, r-oldrel-macos-x86_64, r-oldrel-windows-x86_64