Last updated on 2024-05-19 12:53:55 CEST.
Flavor | Version | Tinstall | Tcheck | Ttotal | Status | Flags |
---|---|---|---|---|---|---|
r-devel-linux-x86_64-debian-clang | 1.3.1 | 4.54 | 202.05 | 206.59 | NOTE | |
r-devel-linux-x86_64-debian-gcc | 1.3.1 | 3.20 | 140.42 | 143.62 | NOTE | |
r-devel-linux-x86_64-fedora-clang | 1.3.1 | 260.94 | NOTE | |||
r-devel-linux-x86_64-fedora-gcc | 1.3.1 | 272.09 | NOTE | |||
r-devel-windows-x86_64 | 1.3.1 | 5.00 | 155.00 | 160.00 | NOTE | |
r-patched-linux-x86_64 | 1.3.1 | 5.89 | 184.49 | 190.38 | NOTE | |
r-release-linux-x86_64 | 1.3.1 | 2.99 | 188.19 | 191.18 | NOTE | |
r-release-macos-arm64 | 1.3.1 | 64.00 | NOTE | |||
r-release-windows-x86_64 | 1.3.1 | 4.00 | 160.00 | 164.00 | NOTE | |
r-oldrel-macos-arm64 | 1.3.1 | 69.00 | NOTE | |||
r-oldrel-macos-x86_64 | 1.3.1 | 150.00 | NOTE | |||
r-oldrel-windows-x86_64 | 1.3.1 | 6.00 | 194.00 | 200.00 | NOTE |
Version: 1.3.1
Check: LazyData
Result: NOTE
'LazyData' is specified without a 'data' directory
Flavors: r-devel-linux-x86_64-debian-clang, r-devel-linux-x86_64-debian-gcc, r-devel-linux-x86_64-fedora-clang, r-devel-linux-x86_64-fedora-gcc, r-devel-windows-x86_64, r-patched-linux-x86_64, r-release-linux-x86_64, r-release-macos-arm64, r-release-windows-x86_64, r-oldrel-macos-arm64, r-oldrel-macos-x86_64, r-oldrel-windows-x86_64