Last updated on 2025-07-21 09:50:02 CEST.
Flavor | Version | Tinstall | Tcheck | Ttotal | Status | Flags |
---|---|---|---|---|---|---|
r-devel-linux-x86_64-debian-clang | 0.1.1 | 4.76 | 48.07 | 52.83 | NOTE | |
r-devel-linux-x86_64-debian-gcc | 0.1.1 | 4.36 | 36.33 | 40.69 | NOTE | |
r-devel-linux-x86_64-fedora-clang | 0.1.1 | 81.86 | NOTE | |||
r-devel-linux-x86_64-fedora-gcc | 0.1.1 | 92.19 | NOTE | |||
r-devel-windows-x86_64 | 0.1.1 | 7.00 | 63.00 | 70.00 | NOTE | |
r-patched-linux-x86_64 | 0.1.1 | 4.97 | 45.39 | 50.36 | NOTE | |
r-release-linux-x86_64 | 0.1.1 | 4.71 | 44.92 | 49.63 | NOTE | |
r-release-macos-arm64 | 0.1.1 | 36.00 | NOTE | |||
r-release-macos-x86_64 | 0.1.1 | 83.00 | NOTE | |||
r-release-windows-x86_64 | 0.1.1 | 6.00 | 62.00 | 68.00 | NOTE | |
r-oldrel-macos-arm64 | 0.1.1 | 36.00 | OK | |||
r-oldrel-macos-x86_64 | 0.1.1 | 68.00 | OK | |||
r-oldrel-windows-x86_64 | 0.1.1 | 9.00 | 77.00 | 86.00 | OK |
Version: 0.1.1
Check: DESCRIPTION meta-information
Result: NOTE
Missing dependency on R >= 4.1.0 because package code uses the pipe
|> or function shorthand \(...) syntax added in R 4.1.0.
File(s) using such syntax:
‘pseudohouseholds.R’
Flavors: r-devel-linux-x86_64-debian-clang, r-devel-linux-x86_64-debian-gcc, r-devel-linux-x86_64-fedora-clang, r-devel-linux-x86_64-fedora-gcc, r-devel-windows-x86_64, r-patched-linux-x86_64, r-release-linux-x86_64, r-release-macos-arm64, r-release-macos-x86_64, r-release-windows-x86_64