Last updated on 2025-07-22 13:49:21 CEST.
Flavor | Version | Tinstall | Tcheck | Ttotal | Status | Flags |
---|---|---|---|---|---|---|
r-devel-linux-x86_64-debian-clang | 0.2.8 | 29.93 | 101.38 | 131.31 | OK | |
r-devel-linux-x86_64-debian-gcc | 0.2.8 | 22.62 | 84.51 | 107.13 | OK | |
r-devel-linux-x86_64-fedora-clang | 0.2.8 | 220.16 | OK | |||
r-devel-linux-x86_64-fedora-gcc | 0.2.8 | 227.25 | OK | |||
r-devel-windows-x86_64 | 0.2.8 | 37.00 | 150.00 | 187.00 | OK | |
r-patched-linux-x86_64 | 0.2.8 | 30.74 | 110.47 | 141.21 | OK | |
r-release-linux-x86_64 | 0.2.8 | 32.53 | 113.20 | 145.73 | OK | |
r-release-macos-arm64 | 0.2.8 | 100.00 | OK | |||
r-release-macos-x86_64 | 0.2.8 | 185.00 | OK | |||
r-release-windows-x86_64 | 0.2.8 | 35.00 | 154.00 | 189.00 | OK | |
r-oldrel-macos-arm64 | 0.2.8 | 85.00 | NOTE | |||
r-oldrel-macos-x86_64 | 0.2.8 | 161.00 | NOTE | |||
r-oldrel-windows-x86_64 | 0.2.8 | 44.00 | 189.00 | 233.00 | OK |
Version: 0.2.8
Check: installed package size
Result: NOTE
installed size is 7.0Mb
sub-directories of 1Mb or more:
data 2.9Mb
libs 2.8Mb
Flavors: r-oldrel-macos-arm64, r-oldrel-macos-x86_64