Last updated on 2025-07-16 09:51:26 CEST.
Flavor | Version | Tinstall | Tcheck | Ttotal | Status | Flags |
---|---|---|---|---|---|---|
r-devel-linux-x86_64-debian-clang | 1.0 | 125.53 | 266.85 | 392.38 | OK | |
r-devel-linux-x86_64-debian-gcc | 1.0 | 112.89 | 177.63 | 290.52 | OK | |
r-devel-linux-x86_64-fedora-clang | 1.0 | 607.79 | NOTE | |||
r-devel-linux-x86_64-fedora-gcc | 1.0 | 703.07 | NOTE | |||
r-devel-windows-x86_64 | 1.0 | 147.00 | 251.00 | 398.00 | OK | |
r-patched-linux-x86_64 | 1.0 | 157.19 | 270.85 | 428.04 | OK | |
r-release-linux-x86_64 | 1.0 | 148.80 | 261.23 | 410.03 | OK | |
r-release-macos-arm64 | 1.0 | 159.00 | OK | |||
r-release-macos-x86_64 | 1.0 | 422.00 | OK | |||
r-release-windows-x86_64 | 1.0 | 150.00 | 269.00 | 419.00 | OK | |
r-oldrel-macos-arm64 | 1.0 | 98.00 | NOTE | |||
r-oldrel-macos-x86_64 | 1.0 | 181.00 | NOTE | |||
r-oldrel-windows-x86_64 | 1.0 | 171.00 | 326.00 | 497.00 | NOTE |
Version: 1.0
Check: dependencies in R code
Result: NOTE
Namespaces in Imports field not imported from:
‘StanHeaders’ ‘methods’ ‘rstantools’
All declared Imports should be used.
Flavors: r-devel-linux-x86_64-fedora-clang, r-devel-linux-x86_64-fedora-gcc
Version: 1.0
Check: installed package size
Result: NOTE
installed size is 49.5Mb
sub-directories of 1Mb or more:
libs 48.8Mb
Flavors: r-oldrel-macos-arm64, r-oldrel-macos-x86_64
Version: 1.0
Check: for GNU extensions in Makefiles
Result: NOTE
GNU make is a SystemRequirements.
Flavors: r-oldrel-macos-arm64, r-oldrel-macos-x86_64, r-oldrel-windows-x86_64