Last updated on 2025-05-10 16:52:37 CEST.
Flavor | Version | Tinstall | Tcheck | Ttotal | Status | Flags |
---|---|---|---|---|---|---|
r-devel-linux-x86_64-debian-clang | 1.1.1 | 2.21 | 19.18 | 21.39 | NOTE | |
r-devel-linux-x86_64-debian-gcc | 1.1.1 | 1.60 | 15.25 | 16.85 | NOTE | |
r-devel-linux-x86_64-fedora-clang | 1.1.1 | 33.59 | OK | |||
r-devel-linux-x86_64-fedora-gcc | 1.1.1 | 31.75 | OK | |||
r-devel-windows-x86_64 | 1.1.1 | 4.00 | 42.00 | 46.00 | OK | |
r-patched-linux-x86_64 | 1.1.1 | 2.42 | 18.27 | 20.69 | OK | |
r-release-linux-x86_64 | 1.1.1 | 2.14 | 18.34 | 20.48 | OK | |
r-release-macos-arm64 | 1.1.1 | 19.00 | OK | |||
r-release-macos-x86_64 | 1.1.1 | 25.00 | OK | |||
r-release-windows-x86_64 | 1.1.1 | 4.00 | 47.00 | 51.00 | OK | |
r-oldrel-macos-arm64 | 1.1.1 | 16.00 | OK | |||
r-oldrel-macos-x86_64 | 1.1.1 | 21.00 | OK | |||
r-oldrel-windows-x86_64 | 1.1.1 | 4.00 | 46.00 | 50.00 | OK |
Version: 1.1.1
Check: CRAN incoming feasibility
Result: NOTE
Maintainer: ‘Paul E. Promote <promotedev@alteryx.com>’
No Authors@R field in DESCRIPTION.
Please add one, modifying
Authors@R: person(given = c("Paul", "E."),
family = "Promote",
role = c("aut", "cre"),
email = "promotedev@alteryx.com")
as necessary.
Flavors: r-devel-linux-x86_64-debian-clang, r-devel-linux-x86_64-debian-gcc