Last updated on 2025-05-10 16:52:37 CEST.
Flavor | Version | Tinstall | Tcheck | Ttotal | Status | Flags |
---|---|---|---|---|---|---|
r-devel-linux-x86_64-debian-clang | 0.3.1 | 9.10 | 141.37 | 150.47 | NOTE | |
r-devel-linux-x86_64-debian-gcc | 0.3.1 | 5.83 | 93.51 | 99.34 | NOTE | |
r-devel-linux-x86_64-fedora-clang | 0.3.1 | 253.29 | OK | |||
r-devel-linux-x86_64-fedora-gcc | 0.3.1 | 244.20 | OK | |||
r-devel-windows-x86_64 | 0.3.1 | 9.00 | 136.00 | 145.00 | OK | |
r-patched-linux-x86_64 | 0.3.1 | 8.74 | 136.45 | 145.19 | OK | |
r-release-linux-x86_64 | 0.3.1 | 8.76 | 135.58 | 144.34 | OK | |
r-release-macos-arm64 | 0.3.1 | 86.00 | OK | |||
r-release-macos-x86_64 | 0.3.1 | 182.00 | OK | |||
r-release-windows-x86_64 | 0.3.1 | 10.00 | 134.00 | 144.00 | OK | |
r-oldrel-macos-arm64 | 0.3.1 | 68.00 | OK | |||
r-oldrel-macos-x86_64 | 0.3.1 | 131.00 | OK | |||
r-oldrel-windows-x86_64 | 0.3.1 | 14.00 | 183.00 | 197.00 | OK |
Version: 0.3.1
Check: CRAN incoming feasibility
Result: NOTE
Maintainer: ‘Roman Hornung <hornung@ibe.med.uni-muenchen.de>’
No Authors@R field in DESCRIPTION.
Please add one, modifying
Authors@R: c(person(given = "Simon",
family = "Klau",
role = "aut"),
person(given = "Roman",
family = "Hornung",
role = c("aut", "cre"),
email = "hornung@ibe.med.uni-muenchen.de"),
person(given = "Alina",
family = "Bauer",
role = "aut"),
person(given = "Jonas",
family = "Hagenberg",
role = "aut"))
as necessary.
Flavors: r-devel-linux-x86_64-debian-clang, r-devel-linux-x86_64-debian-gcc