Last updated on 2025-05-10 01:51:32 CEST.
Flavor | Version | Tinstall | Tcheck | Ttotal | Status | Flags |
---|---|---|---|---|---|---|
r-devel-linux-x86_64-debian-clang | 0.2.0 | 15.58 | 211.92 | 227.50 | OK | |
r-devel-linux-x86_64-debian-gcc | 0.2.0 | 11.84 | 129.52 | 141.36 | OK | |
r-devel-linux-x86_64-fedora-clang | 0.2.0 | 374.30 | OK | |||
r-devel-linux-x86_64-fedora-gcc | 0.2.0 | 345.23 | OK | |||
r-devel-windows-x86_64 | 0.2.0 | 18.00 | 175.00 | 193.00 | OK | |
r-patched-linux-x86_64 | 0.2.0 | 14.60 | 181.45 | 196.05 | OK | |
r-release-linux-x86_64 | 0.2.0 | 13.58 | 180.80 | 194.38 | OK | |
r-release-macos-arm64 | 0.2.0 | 5.00 | ERROR | |||
r-release-macos-x86_64 | 0.2.0 | 8.00 | ERROR | |||
r-release-windows-x86_64 | 0.2.0 | 18.00 | 174.00 | 192.00 | OK | |
r-oldrel-macos-arm64 | 0.2.0 | 10.00 | ERROR | |||
r-oldrel-macos-x86_64 | 0.2.0 | 19.00 | ERROR | |||
r-oldrel-windows-x86_64 | 0.2.0 | 23.00 | 220.00 | 243.00 | OK |
Version: 0.2.0
Check: package dependencies
Result: ERROR
Package required but not available: ‘glmSparseNet’
See section ‘The DESCRIPTION file’ in the ‘Writing R Extensions’
manual.
Flavors: r-release-macos-arm64, r-release-macos-x86_64, r-oldrel-macos-arm64, r-oldrel-macos-x86_64