Last updated on 2025-05-10 20:49:49 CEST.
Flavor | Version | Tinstall | Tcheck | Ttotal | Status | Flags |
---|---|---|---|---|---|---|
r-devel-linux-x86_64-debian-clang | 1.0.1 | 20.62 | 186.78 | 207.40 | OK | |
r-devel-linux-x86_64-debian-gcc | 1.0.1 | 14.28 | 130.61 | 144.89 | OK | |
r-devel-linux-x86_64-fedora-clang | 1.0.1 | 345.12 | OK | |||
r-devel-linux-x86_64-fedora-gcc | 1.0.1 | 315.99 | OK | |||
r-devel-windows-x86_64 | 1.0.1 | 19.00 | 162.00 | 181.00 | OK | |
r-patched-linux-x86_64 | 1.0.1 | 20.19 | 174.70 | 194.89 | OK | |
r-release-linux-x86_64 | 1.0.1 | 18.48 | 174.29 | 192.77 | OK | |
r-release-macos-arm64 | 1.0.1 | 5.00 | ERROR | |||
r-release-macos-x86_64 | 1.0.1 | 183.00 | OK | |||
r-release-windows-x86_64 | 1.0.1 | 19.00 | 161.00 | 180.00 | OK | |
r-oldrel-macos-arm64 | 1.0.1 | 88.00 | OK | |||
r-oldrel-macos-x86_64 | 1.0.1 | 139.00 | OK | |||
r-oldrel-windows-x86_64 | 1.0.1 | 22.00 | 210.00 | 232.00 | OK |
Version: 1.0.1
Check: package dependencies
Result: ERROR
Package required but not available: ‘org.Hs.eg.db’
See section ‘The DESCRIPTION file’ in the ‘Writing R Extensions’
manual.
Flavor: r-release-macos-arm64