Last updated on 2025-05-10 16:52:37 CEST.
Flavor | Version | Tinstall | Tcheck | Ttotal | Status | Flags |
---|---|---|---|---|---|---|
r-devel-linux-x86_64-debian-clang | 1.3.0 | 6.14 | 97.78 | 103.92 | NOTE | |
r-devel-linux-x86_64-debian-gcc | 1.3.0 | 3.73 | 60.68 | 64.41 | NOTE | |
r-devel-linux-x86_64-fedora-clang | 1.3.0 | 142.17 | OK | |||
r-devel-linux-x86_64-fedora-gcc | 1.3.0 | 141.40 | OK | |||
r-devel-windows-x86_64 | 1.3.0 | 7.00 | 88.00 | 95.00 | NOTE | |
r-patched-linux-x86_64 | 1.3.0 | 5.76 | 77.68 | 83.44 | NOTE | |
r-release-linux-x86_64 | 1.3.0 | 5.47 | 76.92 | 82.39 | NOTE | |
r-release-macos-arm64 | 1.3.0 | 44.00 | OK | |||
r-release-macos-x86_64 | 1.3.0 | 97.00 | OK | |||
r-release-windows-x86_64 | 1.3.0 | 5.00 | 88.00 | 93.00 | NOTE | |
r-oldrel-macos-arm64 | 1.3.0 | 65.00 | OK | |||
r-oldrel-macos-x86_64 | 1.3.0 | 73.00 | OK | |||
r-oldrel-windows-x86_64 | 1.3.0 | 6.00 | 108.00 | 114.00 | OK |
Version: 1.3.0
Check: Rd cross-references
Result: NOTE
Found the following Rd file(s) with Rd \link{} targets missing package
anchors:
cpd.Rd: nls.lm
Please provide package anchors for all Rd \link{} targets not in the
package itself and the base packages.
Flavors: r-devel-linux-x86_64-debian-clang, r-devel-linux-x86_64-debian-gcc, r-devel-windows-x86_64, r-patched-linux-x86_64, r-release-linux-x86_64, r-release-windows-x86_64